Last updated on 2025-01-19 05:49:08 CET.
Flavor | Version | Tinstall | Tcheck | Ttotal | Status | Flags |
---|---|---|---|---|---|---|
r-devel-linux-x86_64-debian-clang | 1.3.4 | 13.25 | 157.92 | 171.17 | OK | |
r-devel-linux-x86_64-debian-gcc | 1.3.4 | 7.53 | 105.46 | 112.99 | OK | |
r-devel-linux-x86_64-fedora-clang | 1.3.4 | 285.99 | OK | |||
r-devel-linux-x86_64-fedora-gcc | 1.3.4 | 282.36 | OK | |||
r-devel-windows-x86_64 | 1.3.4 | 14.00 | 186.00 | 200.00 | OK | |
r-patched-linux-x86_64 | 1.3.4 | 14.26 | 142.77 | 157.03 | OK | |
r-release-linux-x86_64 | 1.3.4 | 11.50 | 140.22 | 151.72 | OK | |
r-release-macos-arm64 | 1.3.4 | 75.00 | NOTE | |||
r-release-macos-x86_64 | 1.3.4 | 208.00 | NOTE | |||
r-release-windows-x86_64 | 1.3.4 | 15.00 | 182.00 | 197.00 | NOTE | |
r-oldrel-macos-arm64 | 1.3.4 | 95.00 | NOTE | |||
r-oldrel-macos-x86_64 | 1.3.4 | 196.00 | NOTE | |||
r-oldrel-windows-x86_64 | 1.3.4 | 19.00 | 234.00 | 253.00 | NOTE |
Version: 1.3.4
Check: installed package size
Result: NOTE
installed size is 6.9Mb
sub-directories of 1Mb or more:
data 2.4Mb
doc 3.9Mb
Flavors: r-release-macos-arm64, r-release-macos-x86_64, r-release-windows-x86_64, r-oldrel-macos-arm64, r-oldrel-macos-x86_64, r-oldrel-windows-x86_64