CRAN Package Check Results for Package FIACH

Last updated on 2018-12-16 12:47:47 CET.

Flavor Version Tinstall Tcheck Ttotal Status Flags
r-devel-linux-x86_64-debian-clang 0.1.2 41.67 44.45 86.12 OK
r-devel-linux-x86_64-debian-gcc 0.1.2 35.92 34.59 70.51 OK
r-devel-linux-x86_64-fedora-clang 0.1.2 130.28 NOTE
r-devel-linux-x86_64-fedora-gcc 0.1.2 105.98 NOTE
r-devel-windows-ix86+x86_64 0.1.2 101.00 96.00 197.00 OK
r-patched-linux-x86_64 0.1.2 42.26 39.53 81.79 OK
r-patched-solaris-x86 0.1.2 116.50 OK
r-release-linux-x86_64 0.1.2 44.01 39.79 83.80 OK
r-release-windows-ix86+x86_64 0.1.2 102.00 96.00 198.00 OK
r-release-osx-x86_64 0.1.2 OK
r-oldrel-windows-ix86+x86_64 0.1.2 93.00 96.00 189.00 OK
r-oldrel-osx-x86_64 0.1.2 OK

Check Details

Version: 0.1.2
Check: compiled code
Result: NOTE
    File ‘FIACH/libs/FIACH.so’:
     Found no calls to: ‘R_registerRoutines’, ‘R_useDynamicSymbols’
    
    It is good practice to register native routines and to disable symbol
    search.
    
    See ‘Writing portable packages’ in the ‘Writing R Extensions’ manual.
Flavors: r-devel-linux-x86_64-fedora-clang, r-devel-linux-x86_64-fedora-gcc