CRAN Package Check Results for Package FIACH

Last updated on 2018-06-21 12:48:25 CEST.

Flavor Version Tinstall Tcheck Ttotal Status Flags
r-devel-linux-x86_64-debian-clang 0.1.2 44.22 39.93 84.15 NOTE
r-devel-linux-x86_64-debian-gcc 0.1.2 30.61 32.68 63.29 NOTE
r-devel-linux-x86_64-fedora-clang 0.1.2 108.65 NOTE
r-devel-linux-x86_64-fedora-gcc 0.1.2 96.51 NOTE
r-devel-windows-ix86+x86_64 0.1.2 100.00 73.00 173.00 OK
r-patched-linux-x86_64 0.1.2 40.09 39.86 79.95 NOTE
r-patched-solaris-x86 0.1.2 114.20 OK
r-release-linux-x86_64 0.1.2 43.31 39.30 82.61 NOTE
r-release-windows-ix86+x86_64 0.1.2 65.00 80.00 145.00 OK
r-release-osx-x86_64 0.1.2 OK
r-oldrel-windows-ix86+x86_64 0.1.2 70.00 76.00 146.00 OK
r-oldrel-osx-x86_64 0.1.2 OK

Check Details

Version: 0.1.2
Check: compiled code
Result: NOTE
    File ‘FIACH/libs/FIACH.so’:
     Found no calls to: ‘R_registerRoutines’, ‘R_useDynamicSymbols’
    
    It is good practice to register native routines and to disable symbol
    search.
    
    See ‘Writing portable packages’ in the ‘Writing R Extensions’ manual.
Flavors: r-devel-linux-x86_64-debian-clang, r-devel-linux-x86_64-debian-gcc, r-devel-linux-x86_64-fedora-clang, r-devel-linux-x86_64-fedora-gcc, r-patched-linux-x86_64, r-release-linux-x86_64