CRAN Package Check Results for Package FIACH

Last updated on 2018-09-21 12:47:27 CEST.

Flavor Version Tinstall Tcheck Ttotal Status Flags
r-devel-linux-x86_64-debian-clang 0.1.2 46.83 42.90 89.73 NOTE
r-devel-linux-x86_64-debian-gcc 0.1.2 34.82 33.89 68.71 OK
r-devel-linux-x86_64-fedora-clang 0.1.2 114.33 NOTE
r-devel-linux-x86_64-fedora-gcc 0.1.2 106.58 NOTE
r-devel-windows-ix86+x86_64 0.1.2 98.00 105.00 203.00 OK
r-patched-linux-x86_64 0.1.2 40.09 39.29 79.38 NOTE
r-patched-solaris-x86 0.1.2 115.50 OK
r-release-linux-x86_64 0.1.2 43.73 39.58 83.31 OK
r-release-windows-ix86+x86_64 0.1.2 100.00 72.00 172.00 OK
r-release-osx-x86_64 0.1.2 OK
r-oldrel-windows-ix86+x86_64 0.1.2 69.00 99.00 168.00 OK
r-oldrel-osx-x86_64 0.1.2 OK

Check Details

Version: 0.1.2
Check: compiled code
Result: NOTE
    File ‘FIACH/libs/FIACH.so’:
     Found no calls to: ‘R_registerRoutines’, ‘R_useDynamicSymbols’
    
    It is good practice to register native routines and to disable symbol
    search.
    
    See ‘Writing portable packages’ in the ‘Writing R Extensions’ manual.
Flavors: r-devel-linux-x86_64-debian-clang, r-devel-linux-x86_64-fedora-clang, r-devel-linux-x86_64-fedora-gcc, r-patched-linux-x86_64