CRAN Package Check Results for Package FMCCSD

Last updated on 2025-01-19 05:49:08 CET.

Flavor Version Tinstall Tcheck Ttotal Status Flags
r-devel-linux-x86_64-debian-clang 1.0 24.17 26.32 50.49 NOTE
r-devel-linux-x86_64-debian-gcc 1.0 17.51 20.39 37.90 NOTE
r-devel-linux-x86_64-fedora-clang 1.0 89.27 NOTE
r-devel-linux-x86_64-fedora-gcc 1.0 92.27 NOTE
r-devel-windows-x86_64 1.0 26.00 70.00 96.00 NOTE
r-patched-linux-x86_64 1.0 24.31 25.08 49.39 NOTE
r-release-linux-x86_64 1.0 25.95 24.61 50.56 NOTE
r-release-macos-arm64 1.0 27.00 NOTE
r-release-macos-x86_64 1.0 47.00 NOTE
r-release-windows-x86_64 1.0 26.00 68.00 94.00 NOTE
r-oldrel-macos-arm64 1.0 30.00 NOTE
r-oldrel-macos-x86_64 1.0 46.00 NOTE
r-oldrel-windows-x86_64 1.0 33.00 77.00 110.00 NOTE

Check Details

Version: 1.0
Check: C++ specification
Result: NOTE Specified C++11: please drop specification unless essential Flavors: r-devel-linux-x86_64-debian-clang, r-devel-linux-x86_64-debian-gcc, r-devel-linux-x86_64-fedora-clang, r-devel-linux-x86_64-fedora-gcc, r-devel-windows-x86_64, r-patched-linux-x86_64, r-release-linux-x86_64, r-release-macos-arm64, r-release-macos-x86_64, r-release-windows-x86_64, r-oldrel-macos-arm64, r-oldrel-macos-x86_64, r-oldrel-windows-x86_64