CRAN Package Check Results for Package FME

Last updated on 2018-01-20 12:46:46 CET.

Flavor Version Tinstall Tcheck Ttotal Status Flags
r-devel-linux-x86_64-debian-clang 1.3.5 2.48 222.03 224.51 NOTE
r-devel-linux-x86_64-debian-gcc 1.3.5 2.36 163.70 166.06 NOTE
r-devel-linux-x86_64-fedora-clang 1.3.5 275.05 NOTE
r-devel-linux-x86_64-fedora-gcc 1.3.5 252.82 NOTE
r-devel-windows-ix86+x86_64 1.3.5 14.00 376.00 390.00 OK
r-patched-linux-x86_64 1.3.5 3.16 219.09 222.25 NOTE
r-patched-solaris-x86 1.3.5 275.60 OK
r-release-linux-x86_64 1.3.5 2.98 216.53 219.51 NOTE
r-release-windows-ix86+x86_64 1.3.5 13.00 287.00 300.00 OK
r-release-osx-x86_64 1.3.5 OK
r-oldrel-windows-ix86+x86_64 1.3.5 9.00 257.00 266.00 OK
r-oldrel-osx-x86_64 1.3.5 OK

Check Details

Version: 1.3.5
Check: compiled code
Result: NOTE
    File ‘FME/libs/FME.so’:
     Found no calls to: ‘R_registerRoutines’, ‘R_useDynamicSymbols’
    
    It is good practice to register native routines and to disable symbol
    search.
    
    See ‘Writing portable packages’ in the ‘Writing R Extensions’ manual.
Flavors: r-devel-linux-x86_64-debian-clang, r-devel-linux-x86_64-debian-gcc, r-devel-linux-x86_64-fedora-clang, r-devel-linux-x86_64-fedora-gcc, r-patched-linux-x86_64, r-release-linux-x86_64