CRAN Package Check Results for Package FME

Last updated on 2018-10-17 12:51:49 CEST.

Flavor Version Tinstall Tcheck Ttotal Status Flags
r-devel-linux-x86_64-debian-clang 1.3.5 6.04 197.94 203.98 OK
r-devel-linux-x86_64-debian-gcc 1.3.5 5.06 148.18 153.24 OK
r-devel-linux-x86_64-fedora-clang 1.3.5 237.38 NOTE
r-devel-linux-x86_64-fedora-gcc 1.3.5 237.94 NOTE
r-devel-windows-ix86+x86_64 1.3.5 14.00 329.00 343.00 OK
r-patched-linux-x86_64 1.3.5 6.05 200.45 206.50 OK
r-patched-solaris-x86 1.3.5 289.70 OK
r-release-linux-x86_64 1.3.5 5.35 199.08 204.43 OK
r-release-windows-ix86+x86_64 1.3.5 11.00 344.00 355.00 OK
r-release-osx-x86_64 1.3.5 OK
r-oldrel-windows-ix86+x86_64 1.3.5 12.00 287.00 299.00 OK
r-oldrel-osx-x86_64 1.3.5 OK

Check Details

Version: 1.3.5
Check: compiled code
Result: NOTE
    File ‘FME/libs/FME.so’:
     Found no calls to: ‘R_registerRoutines’, ‘R_useDynamicSymbols’
    
    It is good practice to register native routines and to disable symbol
    search.
    
    See ‘Writing portable packages’ in the ‘Writing R Extensions’ manual.
Flavors: r-devel-linux-x86_64-fedora-clang, r-devel-linux-x86_64-fedora-gcc