Last updated on 2025-01-19 05:49:08 CET.
Flavor | Version | Tinstall | Tcheck | Ttotal | Status | Flags |
---|---|---|---|---|---|---|
r-devel-linux-x86_64-debian-clang | 1.3.6.3 | 7.63 | 184.98 | 192.61 | NOTE | |
r-devel-linux-x86_64-debian-gcc | 1.3.6.3 | 5.28 | 119.13 | 124.41 | NOTE | |
r-devel-linux-x86_64-fedora-clang | 1.3.6.3 | 309.57 | OK | |||
r-devel-linux-x86_64-fedora-gcc | 1.3.6.3 | 303.57 | OK | |||
r-devel-windows-x86_64 | 1.3.6.3 | 10.00 | 277.00 | 287.00 | NOTE | |
r-patched-linux-x86_64 | 1.3.6.3 | 9.20 | 169.18 | 178.38 | OK | |
r-release-linux-x86_64 | 1.3.6.3 | 6.70 | 171.22 | 177.92 | OK | |
r-release-macos-arm64 | 1.3.6.3 | 86.00 | OK | |||
r-release-macos-x86_64 | 1.3.6.3 | 166.00 | OK | |||
r-release-windows-x86_64 | 1.3.6.3 | 10.00 | 280.00 | 290.00 | OK | |
r-oldrel-macos-arm64 | 1.3.6.3 | 142.00 | OK | |||
r-oldrel-macos-x86_64 | 1.3.6.3 | 397.00 | OK | |||
r-oldrel-windows-x86_64 | 1.3.6.3 | 12.00 | 310.00 | 322.00 | OK |
Version: 1.3.6.3
Check: Rd cross-references
Result: NOTE
Found the following Rd file(s) with Rd \link{} targets missing package
anchors:
obsplot.Rd: print.deSolve, ode, deSolve
Please provide package anchors for all Rd \link{} targets not in the
package itself and the base packages.
Flavors: r-devel-linux-x86_64-debian-clang, r-devel-linux-x86_64-debian-gcc, r-devel-windows-x86_64