CRAN Package Check Results for Package FME

Last updated on 2018-04-26 12:46:51 CEST.

Flavor Version Tinstall Tcheck Ttotal Status Flags
r-devel-linux-x86_64-debian-clang 1.3.5 5.03 172.28 177.31 NOTE
r-devel-linux-x86_64-debian-gcc 1.3.5 4.61 140.79 145.40 NOTE
r-devel-linux-x86_64-fedora-clang 1.3.5 251.76 NOTE
r-devel-linux-x86_64-fedora-gcc 1.3.5 238.69 NOTE
r-devel-windows-ix86+x86_64 1.3.5 14.00 285.00 299.00 OK
r-patched-linux-x86_64 1.3.5 4.19 198.96 203.15 NOTE
r-patched-solaris-x86 1.3.5 278.70 OK
r-release-linux-x86_64 1.3.5 6.10 194.36 200.46 NOTE
r-release-windows-ix86+x86_64 1.3.5 14.00 285.00 299.00 OK
r-release-osx-x86_64 1.3.5 OK
r-oldrel-windows-ix86+x86_64 1.3.5 7.00 358.00 365.00 OK
r-oldrel-osx-x86_64 1.3.5 OK

Check Details

Version: 1.3.5
Check: compiled code
Result: NOTE
    File ‘FME/libs/FME.so’:
     Found no calls to: ‘R_registerRoutines’, ‘R_useDynamicSymbols’
    
    It is good practice to register native routines and to disable symbol
    search.
    
    See ‘Writing portable packages’ in the ‘Writing R Extensions’ manual.
Flavors: r-devel-linux-x86_64-debian-clang, r-devel-linux-x86_64-debian-gcc, r-devel-linux-x86_64-fedora-clang, r-devel-linux-x86_64-fedora-gcc, r-patched-linux-x86_64, r-release-linux-x86_64