CRAN Package Check Results for Package FME

Last updated on 2018-07-19 12:50:02 CEST.

Flavor Version Tinstall Tcheck Ttotal Status Flags
r-devel-linux-x86_64-debian-clang 1.3.5 6.45 170.99 177.44 NOTE
r-devel-linux-x86_64-debian-gcc 1.3.5 4.91 145.31 150.22 NOTE
r-devel-linux-x86_64-fedora-clang 1.3.5 244.30 NOTE
r-devel-linux-x86_64-fedora-gcc 1.3.5 243.39 NOTE
r-devel-windows-ix86+x86_64 1.3.5 10.00 335.00 345.00 OK
r-patched-linux-x86_64 1.3.5 4.20 202.43 206.63 NOTE
r-patched-solaris-x86 1.3.5 287.60 OK
r-release-linux-x86_64 1.3.5 6.34 200.78 207.12 NOTE
r-release-windows-ix86+x86_64 1.3.5 13.00 353.00 366.00 OK
r-release-osx-x86_64 1.3.5 OK
r-oldrel-windows-ix86+x86_64 1.3.5 13.00 284.00 297.00 OK
r-oldrel-osx-x86_64 1.3.5 OK

Check Details

Version: 1.3.5
Check: compiled code
Result: NOTE
    File ‘FME/libs/FME.so’:
     Found no calls to: ‘R_registerRoutines’, ‘R_useDynamicSymbols’
    
    It is good practice to register native routines and to disable symbol
    search.
    
    See ‘Writing portable packages’ in the ‘Writing R Extensions’ manual.
Flavors: r-devel-linux-x86_64-debian-clang, r-devel-linux-x86_64-debian-gcc, r-devel-linux-x86_64-fedora-clang, r-devel-linux-x86_64-fedora-gcc, r-patched-linux-x86_64, r-release-linux-x86_64