Last updated on 2024-04-17 13:57:28 CEST.
Flavor | Version | Tinstall | Tcheck | Ttotal | Status | Flags |
---|---|---|---|---|---|---|
r-devel-linux-x86_64-debian-clang | 1.4 | 3.02 | 28.68 | 31.70 | NOTE | |
r-devel-linux-x86_64-debian-gcc | 1.4 | 2.19 | 21.46 | 23.65 | NOTE | |
r-devel-linux-x86_64-fedora-clang | 1.4 | 38.97 | NOTE | |||
r-devel-linux-x86_64-fedora-gcc | 1.4 | 37.62 | NOTE | |||
r-prerel-macos-arm64 | 1.4 | 16.00 | NOTE | |||
r-prerel-windows-x86_64 | 1.4 | 4.00 | 41.00 | 45.00 | NOTE | |
r-patched-linux-x86_64 | 1.4 | 3.33 | 27.38 | 30.71 | NOTE | |
r-release-linux-x86_64 | 1.4 | 3.06 | 26.77 | 29.83 | OK | |
r-release-macos-arm64 | 1.4 | 18.00 | OK | |||
r-release-macos-x86_64 | 1.4 | 21.00 | OK | |||
r-release-windows-x86_64 | 1.4 | 4.00 | 42.00 | 46.00 | OK | |
r-oldrel-macos-arm64 | 1.4 | 16.00 | OK | |||
r-oldrel-windows-x86_64 | 1.4 | 6.00 | 47.00 | 53.00 | OK |
Version: 1.4
Check: Rd files
Result: NOTE
checkRd: (-1) FMP.Rd:30: Lost braces; missing escapes or markup?
30 | \eqn{m(\theta) = b_0 + b_1 \theta + b_2 \theta^2 + b_3 \theta^3}. Acceptable values of k = {0,1,2,3}. According to
| ^
Flavors: r-devel-linux-x86_64-debian-clang, r-devel-linux-x86_64-debian-gcc, r-devel-linux-x86_64-fedora-clang, r-devel-linux-x86_64-fedora-gcc, r-prerel-macos-arm64, r-prerel-windows-x86_64, r-patched-linux-x86_64