Last updated on 2025-01-19 05:49:08 CET.
Flavor | Version | Tinstall | Tcheck | Ttotal | Status | Flags |
---|---|---|---|---|---|---|
r-devel-linux-x86_64-debian-clang | 1.1.1 | 11.47 | 95.14 | 106.61 | NOTE | |
r-devel-linux-x86_64-debian-gcc | 1.1.1 | 7.69 | 66.87 | 74.56 | NOTE | |
r-devel-linux-x86_64-fedora-clang | 1.1.1 | 165.23 | NOTE | |||
r-devel-linux-x86_64-fedora-gcc | 1.1.1 | 153.69 | NOTE | |||
r-devel-windows-x86_64 | 1.1.1 | 12.00 | 106.00 | 118.00 | NOTE | |
r-patched-linux-x86_64 | 1.1.1 | 11.14 | 87.54 | 98.68 | NOTE | |
r-release-linux-x86_64 | 1.1.1 | 8.51 | 87.09 | 95.60 | NOTE | |
r-release-macos-arm64 | 1.1.1 | 42.00 | NOTE | |||
r-release-macos-x86_64 | 1.1.1 | 71.00 | NOTE | |||
r-release-windows-x86_64 | 1.1.1 | 12.00 | 105.00 | 117.00 | NOTE | |
r-oldrel-macos-arm64 | 1.1.1 | 51.00 | OK | |||
r-oldrel-macos-x86_64 | 1.1.1 | 74.00 | OK | |||
r-oldrel-windows-x86_64 | 1.1.1 | 14.00 | 128.00 | 142.00 | OK |
Version: 1.1.1
Check: Rd files
Result: NOTE
checkRd: (-1) autoFMradio.Rd:46: Lost braces; missing escapes or markup?
46 | Step 1 (regularized correlation matrix estimation) is performed using the \code{X}, \code{t}, and {fold} arguments.
| ^
Flavors: r-devel-linux-x86_64-debian-clang, r-devel-linux-x86_64-debian-gcc, r-devel-linux-x86_64-fedora-clang, r-devel-linux-x86_64-fedora-gcc, r-devel-windows-x86_64, r-patched-linux-x86_64, r-release-linux-x86_64, r-release-macos-arm64, r-release-macos-x86_64, r-release-windows-x86_64