CRAN Package Check Results for Package FRK

Last updated on 2025-01-19 05:49:08 CET.

Flavor Version Tinstall Tcheck Ttotal Status Flags
r-devel-linux-x86_64-debian-clang 2.3.1 142.70 493.85 636.55 OK
r-devel-linux-x86_64-debian-gcc 2.3.1 128.35 362.85 491.20 OK
r-devel-linux-x86_64-fedora-clang 2.3.1 1000.58 OK
r-devel-linux-x86_64-fedora-gcc 2.3.1 1103.29 OK
r-devel-windows-x86_64 2.3.1 138.00 304.00 442.00 OK --no-vignettes
r-patched-linux-x86_64 2.3.1 169.60 477.81 647.41 NOTE
r-release-linux-x86_64 2.3.1 162.17 473.25 635.42 NOTE
r-release-macos-arm64 2.3.1 200.00 NOTE
r-release-macos-x86_64 2.3.1 385.00 NOTE
r-release-windows-x86_64 2.3.1 129.00 311.00 440.00 NOTE --no-vignettes
r-oldrel-macos-arm64 2.3.1 422.00 NOTE
r-oldrel-macos-x86_64 2.3.1 630.00 NOTE
r-oldrel-windows-x86_64 2.3.1 173.00 342.00 515.00 NOTE --no-vignettes

Check Details

Version: 2.3.1
Check: package dependencies
Result: NOTE Package suggested but not available for checking: ‘dggrids’ Flavors: r-patched-linux-x86_64, r-release-linux-x86_64, r-release-macos-arm64, r-release-macos-x86_64, r-oldrel-macos-arm64, r-oldrel-macos-x86_64

Version: 2.3.1
Check: installed package size
Result: NOTE installed size is 105.4Mb sub-directories of 1Mb or more: data 5.0Mb doc 1.8Mb libs 97.5Mb Flavors: r-release-macos-arm64, r-release-macos-x86_64, r-oldrel-macos-arm64, r-oldrel-macos-x86_64

Version: 2.3.1
Flags: --no-vignettes
Check: package dependencies
Result: NOTE Package suggested but not available for checking: 'dggrids' Flavors: r-release-windows-x86_64, r-oldrel-windows-x86_64

Version: 2.3.1
Flags: --no-vignettes
Check: installed package size
Result: NOTE installed size is 20.6Mb sub-directories of 1Mb or more: data 4.8Mb doc 1.8Mb libs 12.8Mb Flavors: r-release-windows-x86_64, r-oldrel-windows-x86_64