Last updated on 2025-01-19 05:49:08 CET.
Flavor | Version | Tinstall | Tcheck | Ttotal | Status | Flags |
---|---|---|---|---|---|---|
r-devel-linux-x86_64-debian-clang | 0.1.2 | 16.99 | 51.31 | 68.30 | NOTE | |
r-devel-linux-x86_64-debian-gcc | 0.1.2 | 11.86 | 38.72 | 50.58 | NOTE | |
r-devel-linux-x86_64-fedora-clang | 0.1.2 | 115.41 | NOTE | |||
r-devel-linux-x86_64-fedora-gcc | 0.1.2 | 109.59 | NOTE | |||
r-devel-windows-x86_64 | 0.1.2 | 20.00 | 87.00 | 107.00 | NOTE | |
r-patched-linux-x86_64 | 0.1.2 | 17.47 | 47.92 | 65.39 | NOTE | |
r-release-linux-x86_64 | 0.1.2 | 17.49 | 48.07 | 65.56 | NOTE | |
r-release-macos-arm64 | 0.1.2 | 35.00 | NOTE | |||
r-release-macos-x86_64 | 0.1.2 | 51.00 | NOTE | |||
r-release-windows-x86_64 | 0.1.2 | 20.00 | 82.00 | 102.00 | NOTE | |
r-oldrel-macos-arm64 | 0.1.2 | 38.00 | NOTE | |||
r-oldrel-macos-x86_64 | 0.1.2 | 63.00 | NOTE | |||
r-oldrel-windows-x86_64 | 0.1.2 | 24.00 | 109.00 | 133.00 | NOTE |
Version: 0.1.2
Check: C++ specification
Result: NOTE
Specified C++11: please drop specification unless essential
Flavors: r-devel-linux-x86_64-debian-clang, r-devel-linux-x86_64-debian-gcc, r-devel-linux-x86_64-fedora-clang, r-devel-linux-x86_64-fedora-gcc, r-devel-windows-x86_64, r-patched-linux-x86_64, r-release-linux-x86_64, r-release-macos-arm64, r-release-macos-x86_64, r-release-windows-x86_64, r-oldrel-macos-arm64, r-oldrel-macos-x86_64, r-oldrel-windows-x86_64