Last updated on 2024-05-01 16:52:55 CEST.
Flavor | Version | Tinstall | Tcheck | Ttotal | Status | Flags |
---|---|---|---|---|---|---|
r-devel-linux-x86_64-debian-clang | 0.1.1 | 116.86 | 27.66 | 144.52 | NOTE | |
r-devel-linux-x86_64-debian-gcc | 0.1.1 | 149.25 | 21.87 | 171.12 | NOTE | |
r-devel-linux-x86_64-fedora-clang | 0.1.1 | 253.11 | NOTE | |||
r-devel-linux-x86_64-fedora-gcc | 0.1.1 | 298.36 | NOTE | |||
r-devel-windows-x86_64 | 0.1.1 | 126.00 | 65.00 | 191.00 | NOTE | |
r-patched-linux-x86_64 | 0.1.1 | 159.69 | 26.39 | 186.08 | NOTE | |
r-release-linux-x86_64 | 0.1.1 | 162.82 | 27.42 | 190.24 | NOTE | |
r-release-macos-arm64 | 0.1.1 | 50.00 | NOTE | |||
r-release-windows-x86_64 | 0.1.1 | 131.00 | 71.00 | 202.00 | NOTE | |
r-oldrel-macos-arm64 | 0.1.1 | 79.00 | NOTE | |||
r-oldrel-macos-x86_64 | 0.1.1 | 96.00 | NOTE | |||
r-oldrel-windows-x86_64 | 0.1.1 | 433.00 | 72.00 | 505.00 | NOTE |
Version: 0.1.1
Check: C++ specification
Result: NOTE
Specified C++11: please drop specification unless essential
Flavors: r-devel-linux-x86_64-debian-clang, r-devel-linux-x86_64-debian-gcc, r-devel-linux-x86_64-fedora-clang, r-devel-linux-x86_64-fedora-gcc, r-devel-windows-x86_64, r-patched-linux-x86_64, r-release-linux-x86_64, r-release-macos-arm64, r-release-windows-x86_64, r-oldrel-macos-arm64, r-oldrel-macos-x86_64, r-oldrel-windows-x86_64