CRAN Package Check Results for Package FSSF

Last updated on 2025-01-19 05:49:08 CET.

Flavor Version Tinstall Tcheck Ttotal Status Flags
r-devel-linux-x86_64-debian-clang 0.1.1 70.80 21.89 92.69 NOTE
r-devel-linux-x86_64-debian-gcc 0.1.1 112.59 18.00 130.59 NOTE
r-devel-linux-x86_64-fedora-clang 0.1.1 204.74 NOTE
r-devel-linux-x86_64-fedora-gcc 0.1.1 269.36 NOTE
r-devel-windows-x86_64 0.1.1 106.00 69.00 175.00 NOTE
r-patched-linux-x86_64 0.1.1 102.32 21.36 123.68 NOTE
r-release-linux-x86_64 0.1.1 112.19 21.16 133.35 NOTE
r-release-macos-arm64 0.1.1 50.00 NOTE
r-release-macos-x86_64 0.1.1 51.00 NOTE
r-release-windows-x86_64 0.1.1 105.00 63.00 168.00 NOTE
r-oldrel-macos-arm64 0.1.1 79.00 NOTE
r-oldrel-macos-x86_64 0.1.1 96.00 NOTE
r-oldrel-windows-x86_64 0.1.1 357.00 69.00 426.00 NOTE

Check Details

Version: 0.1.1
Check: C++ specification
Result: NOTE Specified C++11: please drop specification unless essential Flavors: r-devel-linux-x86_64-debian-clang, r-devel-linux-x86_64-debian-gcc, r-devel-linux-x86_64-fedora-clang, r-devel-linux-x86_64-fedora-gcc, r-devel-windows-x86_64, r-patched-linux-x86_64, r-release-linux-x86_64, r-release-macos-arm64, r-release-macos-x86_64, r-release-windows-x86_64, r-oldrel-macos-arm64, r-oldrel-macos-x86_64, r-oldrel-windows-x86_64