CRAN Package Check Results for Package FSelectorRcpp

Last updated on 2020-06-03 12:49:08 CEST.

Flavor Version Tinstall Tcheck Ttotal Status Flags
r-devel-linux-x86_64-debian-clang 0.3.3 107.56 53.46 161.02 OK
r-devel-linux-x86_64-debian-gcc 0.3.3 87.06 42.16 129.22 OK
r-devel-linux-x86_64-fedora-clang 0.3.3 242.65 NOTE
r-devel-linux-x86_64-fedora-gcc 0.3.3 215.34 OK
r-devel-windows-ix86+x86_64 0.3.3 261.00 118.00 379.00 OK
r-patched-linux-x86_64 0.3.3 85.60 53.67 139.27 OK
r-patched-solaris-x86 0.3.3 175.90 NOTE
r-release-linux-x86_64 0.3.3 86.13 53.88 140.01 OK
r-release-osx-x86_64 0.3.3 NOTE
r-release-windows-ix86+x86_64 0.3.3 184.00 108.00 292.00 OK
r-oldrel-osx-x86_64 0.3.3 NOTE
r-oldrel-windows-ix86+x86_64 0.3.3 196.00 108.00 304.00 OK

Check Details

Version: 0.3.3
Check: installed package size
Result: NOTE
     installed size is 11.4Mb
     sub-directories of 1Mb or more:
     libs 11.0Mb
Flavors: r-devel-linux-x86_64-fedora-clang, r-release-osx-x86_64, r-oldrel-osx-x86_64

Version: 0.3.3
Check: package dependencies
Result: NOTE
    Packages suggested but not available for checking: 'RWeka', 'FSelector'
Flavor: r-patched-solaris-x86

Version: 0.3.3
Check: Rd cross-references
Result: NOTE
    Package unavailable to check Rd xrefs: ‘FSelector’
Flavor: r-patched-solaris-x86

Version: 0.3.3
Check: package dependencies
Result: NOTE
    Package suggested but not available for checking: ‘RTCGA.rnaseq’
Flavors: r-release-osx-x86_64, r-oldrel-osx-x86_64