CRAN Package Check Results for Package FSelectorRcpp

Last updated on 2019-10-19 12:47:34 CEST.

Flavor Version Tinstall Tcheck Ttotal Status Flags
r-devel-linux-x86_64-debian-clang 0.3.1 101.39 53.90 155.29 OK
r-devel-linux-x86_64-debian-gcc 0.3.1 76.98 41.91 118.89 OK
r-devel-linux-x86_64-fedora-clang 0.3.1 212.75 NOTE
r-devel-linux-x86_64-fedora-gcc 0.3.1 205.60 OK
r-devel-windows-ix86+x86_64 0.3.1 185.00 92.00 277.00 OK
r-patched-linux-x86_64 0.3.1 77.66 52.79 130.45 OK
r-patched-solaris-x86 0.3.1 155.10 NOTE
r-release-linux-x86_64 0.3.1 77.72 52.46 130.18 OK
r-release-windows-ix86+x86_64 0.3.1 179.00 96.00 275.00 OK
r-release-osx-x86_64 0.3.1 NOTE
r-oldrel-windows-ix86+x86_64 0.3.1 180.00 90.00 270.00 OK
r-oldrel-osx-x86_64 0.3.1 NOTE

Additional issues

LTO

Check Details

Version: 0.3.1
Check: installed package size
Result: NOTE
     installed size is 10.1Mb
     sub-directories of 1Mb or more:
     libs 9.7Mb
Flavors: r-devel-linux-x86_64-fedora-clang, r-release-osx-x86_64, r-oldrel-osx-x86_64

Version: 0.3.1
Check: package dependencies
Result: NOTE
    Packages suggested but not available for checking: 'RWeka', 'FSelector'
Flavor: r-patched-solaris-x86

Version: 0.3.1
Check: Rd cross-references
Result: NOTE
    Package unavailable to check Rd xrefs: ‘FSelector’
Flavor: r-patched-solaris-x86

Version: 0.3.1
Check: package dependencies
Result: NOTE
    Package suggested but not available for checking: ‘RTCGA.rnaseq’
Flavors: r-release-osx-x86_64, r-oldrel-osx-x86_64