CRAN Package Check Results for Package Factoshiny

Last updated on 2025-01-19 05:49:08 CET.

Flavor Version Tinstall Tcheck Ttotal Status Flags
r-devel-linux-x86_64-debian-clang 2.7 15.63 103.13 118.76 OK
r-devel-linux-x86_64-debian-gcc 2.7 11.89 73.07 84.96 OK
r-devel-linux-x86_64-fedora-clang 2.7 143.26 OK
r-devel-linux-x86_64-fedora-gcc 2.7 144.81 OK
r-devel-windows-x86_64 2.7 19.00 105.00 124.00 OK
r-patched-linux-x86_64 2.7 16.28 93.93 110.21 OK
r-release-linux-x86_64 2.6 15.29 94.76 110.05 OK
r-release-macos-arm64 2.7 62.00 OK
r-release-macos-x86_64 2.7 14.00 ERROR
r-release-windows-x86_64 2.7 15.00 106.00 121.00 OK
r-oldrel-macos-arm64 2.7 60.00 OK
r-oldrel-macos-x86_64 2.7 14.00 ERROR
r-oldrel-windows-x86_64 2.7 21.00 146.00 167.00 OK

Check Details

Version: 2.7
Check: whether package can be installed
Result: ERROR Installation failed. Flavors: r-release-macos-x86_64, r-oldrel-macos-x86_64