Last updated on 2024-04-21 12:53:56 CEST.
Flavor | Version | Tinstall | Tcheck | Ttotal | Status | Flags |
---|---|---|---|---|---|---|
r-devel-linux-x86_64-debian-clang | 0.1.1 | 26.62 | 28.50 | 55.12 | NOTE | |
r-devel-linux-x86_64-debian-gcc | 0.1.1 | 22.61 | 22.04 | 44.65 | NOTE | |
r-devel-linux-x86_64-fedora-clang | 0.1.1 | 87.52 | NOTE | |||
r-devel-linux-x86_64-fedora-gcc | 0.1.1 | 84.47 | NOTE | |||
r-prerel-macos-arm64 | 0.1.1 | 25.00 | NOTE | |||
r-prerel-windows-x86_64 | 0.1.1 | 27.00 | 73.00 | 100.00 | NOTE | |
r-patched-linux-x86_64 | 0.1.1 | 33.64 | 27.92 | 61.56 | NOTE | |
r-release-linux-x86_64 | 0.1.1 | 30.78 | 27.07 | 57.85 | NOTE | |
r-release-macos-arm64 | 0.1.1 | 27.00 | NOTE | |||
r-release-macos-x86_64 | 0.1.1 | 40.00 | NOTE | |||
r-release-windows-x86_64 | 0.1.1 | 32.00 | 77.00 | 109.00 | NOTE | |
r-oldrel-macos-arm64 | 0.1.1 | 25.00 | NOTE | |||
r-oldrel-windows-x86_64 | 0.1.1 | 33.00 | 70.00 | 103.00 | NOTE |
Version: 0.1.1
Check: LazyData
Result: NOTE
'LazyData' is specified without a 'data' directory
Flavors: r-devel-linux-x86_64-debian-clang, r-devel-linux-x86_64-debian-gcc, r-devel-linux-x86_64-fedora-clang, r-devel-linux-x86_64-fedora-gcc, r-prerel-macos-arm64, r-prerel-windows-x86_64, r-patched-linux-x86_64, r-release-linux-x86_64, r-release-macos-arm64, r-release-macos-x86_64, r-release-windows-x86_64, r-oldrel-macos-arm64, r-oldrel-windows-x86_64
Version: 0.1.1
Check: compiled code
Result: NOTE
File ‘FastBandChol/libs/FastBandChol.so’:
Found no calls to: ‘R_registerRoutines’, ‘R_useDynamicSymbols’
It is good practice to register native routines and to disable symbol
search.
See ‘Writing portable packages’ in the ‘Writing R Extensions’ manual.
Flavors: r-devel-linux-x86_64-fedora-clang, r-devel-linux-x86_64-fedora-gcc