CRAN Package Check Results for Package FastGaSP

Last updated on 2025-01-19 05:49:08 CET.

Flavor Version Tinstall Tcheck Ttotal Status Flags
r-devel-linux-x86_64-debian-clang 0.5.3 33.57 30.95 64.52 OK
r-devel-linux-x86_64-debian-gcc 0.5.3 29.69 26.42 56.11 OK
r-devel-linux-x86_64-fedora-clang 0.5.3 108.68 OK
r-devel-linux-x86_64-fedora-gcc 0.5.3 132.80 OK
r-devel-windows-x86_64 0.5.3 38.00 100.00 138.00 OK
r-patched-linux-x86_64 0.5.3 38.93 32.12 71.05 OK
r-release-linux-x86_64 0.5.3 38.67 32.27 70.94 OK
r-release-macos-arm64 0.5.3 38.00 NOTE
r-release-macos-x86_64 0.5.3 53.00 NOTE
r-release-windows-x86_64 0.5.3 34.00 73.00 107.00 OK
r-oldrel-macos-arm64 0.5.3 55.00 NOTE
r-oldrel-macos-x86_64 0.5.3 93.00 NOTE
r-oldrel-windows-x86_64 0.5.3 40.00 84.00 124.00 OK

Check Details

Version: 0.5.3
Check: installed package size
Result: NOTE installed size is 14.9Mb sub-directories of 1Mb or more: libs 14.6Mb Flavors: r-release-macos-arm64, r-release-macos-x86_64, r-oldrel-macos-arm64, r-oldrel-macos-x86_64