CRAN Package Check Results for Package FastPCS

Last updated on 2025-01-19 05:49:08 CET.

Flavor Version Tinstall Tcheck Ttotal Status Flags
r-devel-linux-x86_64-debian-clang 0.1.4 22.98 18.73 41.71 OK
r-devel-linux-x86_64-debian-gcc 0.1.4 16.99 17.89 34.88 OK
r-devel-linux-x86_64-fedora-clang 0.1.4 66.41 OK
r-devel-linux-x86_64-fedora-gcc 0.1.4 77.78 OK
r-devel-windows-x86_64 0.1.4 23.00 48.00 71.00 OK
r-patched-linux-x86_64 0.1.4 24.14 20.40 44.54 OK
r-release-linux-x86_64 0.1.4 23.74 20.39 44.13 OK
r-release-macos-arm64 0.1.4 25.00 NOTE
r-release-macos-x86_64 0.1.4 47.00 NOTE
r-release-windows-x86_64 0.1.4 23.00 48.00 71.00 OK
r-oldrel-macos-arm64 0.1.4 30.00 NOTE
r-oldrel-macos-x86_64 0.1.4 54.00 NOTE
r-oldrel-windows-x86_64 0.1.4 25.00 66.00 91.00 OK

Check Details

Version: 0.1.4
Check: installed package size
Result: NOTE installed size is 11.2Mb sub-directories of 1Mb or more: libs 11.1Mb Flavors: r-release-macos-arm64, r-release-macos-x86_64, r-oldrel-macos-arm64, r-oldrel-macos-x86_64