CRAN Package Check Results for Package FertBoot

Last updated on 2025-01-19 05:49:08 CET.

Flavor Version Tinstall Tcheck Ttotal Status Flags
r-devel-linux-x86_64-debian-clang 0.5.0 2.16 20.94 23.10 OK
r-devel-linux-x86_64-debian-gcc 0.5.0 1.70 16.51 18.21 OK
r-devel-linux-x86_64-fedora-clang 0.5.0 38.28 OK
r-devel-linux-x86_64-fedora-gcc 0.5.0 38.92 OK
r-devel-windows-x86_64 0.5.0 5.00 44.00 49.00 OK
r-patched-linux-x86_64 0.5.0 2.05 20.04 22.09 NOTE
r-release-linux-x86_64 0.5.0 2.07 19.80 21.87 NOTE
r-release-macos-arm64 0.5.0 16.00 NOTE
r-release-macos-x86_64 0.5.0 24.00 NOTE
r-release-windows-x86_64 0.5.0 4.00 42.00 46.00 NOTE
r-oldrel-macos-arm64 0.5.0 18.00 NOTE
r-oldrel-macos-x86_64 0.5.0 21.00 NOTE
r-oldrel-windows-x86_64 0.5.0 4.00 48.00 52.00 NOTE

Check Details

Version: 0.5.0
Check: LazyData
Result: NOTE 'LazyData' is specified without a 'data' directory Flavors: r-patched-linux-x86_64, r-release-linux-x86_64, r-release-macos-arm64, r-release-macos-x86_64, r-release-windows-x86_64, r-oldrel-macos-arm64, r-oldrel-macos-x86_64, r-oldrel-windows-x86_64