CRAN Package Check Results for Package Fgmutils

Last updated on 2020-10-23 12:49:31 CEST.

Flavor Version Tinstall Tcheck Ttotal Status Flags
r-devel-linux-x86_64-debian-clang 0.9.5 11.18 81.63 92.81 OK
r-devel-linux-x86_64-debian-gcc 0.9.5 8.61 61.84 70.45 OK
r-devel-linux-x86_64-fedora-clang 0.9.5 121.27 OK
r-devel-linux-x86_64-fedora-gcc 0.9.5 109.13 OK
r-devel-windows-ix86+x86_64 0.9.5 23.00 96.00 119.00 OK
r-patched-linux-x86_64 0.9.5 10.25 75.44 85.69 OK
r-patched-solaris-x86 0.9.5 157.30 OK
r-release-linux-x86_64 0.9.5 11.39 74.25 85.64 OK
r-release-macos-x86_64 0.9.5 OK
r-release-windows-ix86+x86_64 0.9.5 21.00 98.00 119.00 OK
r-oldrel-macos-x86_64 0.9.5 FAIL
r-oldrel-windows-ix86+x86_64 0.9.5 20.00 90.00 110.00 OK

Check Details

Version: 0.9.5
Check: whether package can be installed
Result: FAIL
Flavor: r-oldrel-macos-x86_64