Last updated on 2025-01-19 05:49:08 CET.
Flavor | Version | Tinstall | Tcheck | Ttotal | Status | Flags |
---|---|---|---|---|---|---|
r-devel-linux-x86_64-debian-clang | 1.0.1 | 23.43 | 29.17 | 52.60 | OK | |
r-devel-linux-x86_64-debian-gcc | 1.0.1 | 20.00 | 21.29 | 41.29 | OK | |
r-devel-linux-x86_64-fedora-clang | 1.0.1 | 91.84 | OK | |||
r-devel-linux-x86_64-fedora-gcc | 1.0.1 | 92.83 | OK | |||
r-devel-windows-x86_64 | 1.0.1 | 32.00 | 78.00 | 110.00 | OK | |
r-patched-linux-x86_64 | 1.0.1 | 25.17 | 26.67 | 51.84 | OK | |
r-release-linux-x86_64 | 1.0.1 | 24.14 | 27.11 | 51.25 | OK | |
r-release-macos-arm64 | 1.0.1 | 32.00 | NOTE | |||
r-release-macos-x86_64 | 1.0.1 | 52.00 | NOTE | |||
r-release-windows-x86_64 | 1.0.1 | 30.00 | 72.00 | 102.00 | OK | |
r-oldrel-macos-arm64 | 1.0.1 | 34.00 | OK | |||
r-oldrel-macos-x86_64 | 1.0.1 | 50.00 | NOTE | |||
r-oldrel-windows-x86_64 | 1.0.1 | 33.00 | 79.00 | 112.00 | OK |
Version: 1.0.1
Check: installed package size
Result: NOTE
installed size is 5.2Mb
sub-directories of 1Mb or more:
data 2.6Mb
libs 2.5Mb
Flavors: r-release-macos-arm64, r-release-macos-x86_64, r-oldrel-macos-x86_64