Last updated on 2024-05-01 16:52:54 CEST.
Flavor | Version | Tinstall | Tcheck | Ttotal | Status | Flags |
---|---|---|---|---|---|---|
r-devel-linux-x86_64-debian-clang | 1.1.4 | 225.60 | 103.07 | 328.67 | OK | |
r-devel-linux-x86_64-debian-gcc | 1.1.4 | 202.66 | 73.66 | 276.32 | OK | |
r-devel-linux-x86_64-fedora-clang | 1.1.4 | 481.56 | OK | |||
r-devel-linux-x86_64-fedora-gcc | 1.1.4 | 535.18 | OK | |||
r-devel-windows-x86_64 | 1.1.4 | 198.00 | 125.00 | 323.00 | NOTE | |
r-patched-linux-x86_64 | 1.1.4 | 261.90 | 96.27 | 358.17 | OK | |
r-release-linux-x86_64 | 1.1.4 | 255.86 | 94.24 | 350.10 | OK | |
r-release-macos-arm64 | 1.1.4 | 97.00 | NOTE | |||
r-release-windows-x86_64 | 1.1.4 | 201.00 | 123.00 | 324.00 | NOTE | |
r-oldrel-macos-arm64 | 1.1.4 | 120.00 | NOTE | |||
r-oldrel-macos-x86_64 | 1.1.4 | 213.00 | NOTE | |||
r-oldrel-windows-x86_64 | 1.1.4 | 239.00 | 150.00 | 389.00 | NOTE |
Version: 1.1.4
Check: installed package size
Result: NOTE
installed size is 5.7Mb
sub-directories of 1Mb or more:
lib 3.0Mb
libs 2.3Mb
Flavors: r-devel-windows-x86_64, r-release-macos-arm64, r-release-windows-x86_64, r-oldrel-macos-arm64, r-oldrel-macos-x86_64, r-oldrel-windows-x86_64