Last updated on 2025-01-19 05:49:08 CET.
Flavor | Version | Tinstall | Tcheck | Ttotal | Status | Flags |
---|---|---|---|---|---|---|
r-devel-linux-x86_64-debian-clang | 1.1.2 | 17.82 | 79.81 | 97.63 | OK | |
r-devel-linux-x86_64-debian-gcc | 1.1.2 | 9.97 | 51.63 | 61.60 | OK | |
r-devel-linux-x86_64-fedora-clang | 1.1.2 | 160.97 | OK | |||
r-devel-linux-x86_64-fedora-gcc | 1.1.2 | 150.03 | OK | |||
r-devel-windows-x86_64 | 1.1.2 | 17.00 | 89.00 | 106.00 | OK | |
r-patched-linux-x86_64 | 1.1.2 | 16.12 | 76.08 | 92.20 | OK | |
r-release-linux-x86_64 | 1.1.2 | 15.65 | 75.21 | 90.86 | OK | |
r-release-macos-arm64 | 1.1.2 | 205.00 | NOTE | |||
r-release-macos-x86_64 | 1.1.2 | 223.00 | NOTE | |||
r-release-windows-x86_64 | 1.1.2 | 17.00 | 91.00 | 108.00 | NOTE | |
r-oldrel-macos-arm64 | 1.1.2 | 216.00 | NOTE | |||
r-oldrel-macos-x86_64 | 1.1.2 | 226.00 | NOTE | |||
r-oldrel-windows-x86_64 | 1.1.2 | 20.00 | 106.00 | 126.00 | NOTE |
Version: 1.1.2
Check: installed package size
Result: NOTE
installed size is 5.5Mb
sub-directories of 1Mb or more:
data 1.4Mb
extdata 3.8Mb
Flavors: r-release-macos-arm64, r-release-macos-x86_64, r-release-windows-x86_64, r-oldrel-macos-arm64, r-oldrel-macos-x86_64, r-oldrel-windows-x86_64