CRAN Package Check Results for Package FitUltD

Last updated on 2025-01-19 05:49:08 CET.

Flavor Version Tinstall Tcheck Ttotal Status Flags
r-devel-linux-x86_64-debian-clang 3.1.0 8.65 78.11 86.76 OK
r-devel-linux-x86_64-debian-gcc 3.1.0 7.50 54.50 62.00 OK
r-devel-linux-x86_64-fedora-clang 3.1.0 139.96 OK
r-devel-linux-x86_64-fedora-gcc 3.1.0 124.52 OK
r-devel-windows-x86_64 3.1.0 13.00 82.00 95.00 OK
r-patched-linux-x86_64 3.1.0 8.94 69.78 78.72 NOTE
r-release-linux-x86_64 3.1.0 7.73 70.07 77.80 NOTE
r-release-macos-arm64 3.1.0 38.00 NOTE
r-release-macos-x86_64 3.1.0 81.00 NOTE
r-release-windows-x86_64 3.1.0 9.00 81.00 90.00 NOTE
r-oldrel-macos-arm64 3.1.0 42.00 NOTE
r-oldrel-macos-x86_64 3.1.0 66.00 NOTE
r-oldrel-windows-x86_64 3.1.0 12.00 101.00 113.00 NOTE

Check Details

Version: 3.1.0
Check: LazyData
Result: NOTE 'LazyData' is specified without a 'data' directory Flavors: r-patched-linux-x86_64, r-release-linux-x86_64, r-release-macos-arm64, r-release-macos-x86_64, r-release-windows-x86_64, r-oldrel-macos-arm64, r-oldrel-macos-x86_64, r-oldrel-windows-x86_64