CRAN Package Check Results for Package FluMoDL

Last updated on 2020-03-31 12:47:04 CEST.

Flavor Version Tinstall Tcheck Ttotal Status Flags
r-devel-linux-x86_64-debian-clang 0.0.3 8.72 68.54 77.26 OK
r-devel-linux-x86_64-debian-gcc 0.0.3 7.48 53.69 61.17 OK
r-devel-linux-x86_64-fedora-clang 0.0.3 93.22 OK
r-devel-linux-x86_64-fedora-gcc 0.0.3 90.68 OK
r-devel-windows-ix86+x86_64 0.0.3 18.00 74.00 92.00 OK
r-devel-windows-ix86+x86_64-gcc8 0.0.3 13.00 73.00 86.00 OK
r-patched-linux-x86_64 0.0.3 7.99 65.73 73.72 OK
r-patched-solaris-x86 0.0.3 141.20 OK
r-release-linux-x86_64 0.0.3 8.37 61.10 69.47 OK
r-release-windows-ix86+x86_64 0.0.3 22.00 98.00 120.00 OK
r-release-osx-x86_64 0.0.3 OK
r-oldrel-windows-ix86+x86_64 0.0.3 13.00 100.00 113.00 WARN
r-oldrel-osx-x86_64 0.0.3 OK

Check Details

Version: 0.0.3
Check: whether package can be installed
Result: WARN
    Found the following significant warnings:
     Warning: unable to re-encode 'isoweek.R' line 40
Flavor: r-oldrel-windows-ix86+x86_64