CRAN Package Check Results for Package FluMoDL

Last updated on 2025-01-19 05:49:08 CET.

Flavor Version Tinstall Tcheck Ttotal Status Flags
r-devel-linux-x86_64-debian-clang 0.0.3 7.46 61.96 69.42 NOTE
r-devel-linux-x86_64-debian-gcc 0.0.3 5.59 45.21 50.80 NOTE
r-devel-linux-x86_64-fedora-clang 0.0.3 111.07 OK
r-devel-linux-x86_64-fedora-gcc 0.0.3 105.67 OK
r-devel-windows-x86_64 0.0.3 9.00 77.00 86.00 NOTE
r-patched-linux-x86_64 0.0.3 9.67 57.71 67.38 OK
r-release-linux-x86_64 0.0.3 6.21 57.22 63.43 OK
r-release-macos-arm64 0.0.3 34.00 OK
r-release-macos-x86_64 0.0.3 48.00 OK
r-release-windows-x86_64 0.0.3 8.00 76.00 84.00 OK
r-oldrel-macos-arm64 0.0.3 41.00 OK
r-oldrel-macos-x86_64 0.0.3 61.00 OK
r-oldrel-windows-x86_64 0.0.3 11.00 93.00 104.00 OK

Check Details

Version: 0.0.3
Check: Rd cross-references
Result: NOTE Found the following Rd file(s) with Rd \link{} targets missing package anchors: addPredictions.Rd: crosspred metaFluMoDL.Rd: mvmeta Please provide package anchors for all Rd \link{} targets not in the package itself and the base packages. Flavors: r-devel-linux-x86_64-debian-clang, r-devel-linux-x86_64-debian-gcc, r-devel-windows-x86_64