CRAN Package Check Results for Package FlyingR

Last updated on 2025-01-19 05:49:08 CET.

Flavor Version Tinstall Tcheck Ttotal Status Flags
r-devel-linux-x86_64-debian-clang 0.2.2 23.06 54.23 77.29 OK
r-devel-linux-x86_64-debian-gcc 0.2.2 14.15 37.80 51.95 OK
r-devel-linux-x86_64-fedora-clang 0.2.2 138.18 NOTE
r-devel-linux-x86_64-fedora-gcc 0.2.2 140.65 NOTE
r-devel-windows-x86_64 0.2.2 26.00 87.00 113.00 OK
r-patched-linux-x86_64 0.2.2 19.74 50.75 70.49 OK
r-release-linux-x86_64 0.2.2 21.21 50.60 71.81 OK
r-release-macos-arm64 0.2.2 40.00 OK
r-release-macos-x86_64 0.2.2 68.00 OK
r-release-windows-x86_64 0.2.2 29.00 87.00 116.00 OK
r-oldrel-macos-arm64 0.2.2 48.00 OK
r-oldrel-macos-x86_64 0.2.2 81.00 OK
r-oldrel-windows-x86_64 0.2.2 29.00 103.00 132.00 OK

Check Details

Version: 0.2.2
Check: dependencies in R code
Result: NOTE Namespaces in Imports field not imported from: ‘kableExtra’ ‘knitr’ ‘rmarkdown’ All declared Imports should be used. Flavors: r-devel-linux-x86_64-fedora-clang, r-devel-linux-x86_64-fedora-gcc