Last updated on 2025-01-19 05:49:08 CET.
Flavor | Version | Tinstall | Tcheck | Ttotal | Status | Flags |
---|---|---|---|---|---|---|
r-devel-linux-x86_64-debian-clang | 1.0.1 | 8.86 | 68.20 | 77.06 | OK | |
r-devel-linux-x86_64-debian-gcc | 1.0.1 | 6.20 | 48.97 | 55.17 | OK | |
r-devel-linux-x86_64-fedora-clang | 1.0.1 | 121.55 | NOTE | |||
r-devel-linux-x86_64-fedora-gcc | 1.0.1 | 157.99 | NOTE | |||
r-devel-windows-x86_64 | 1.0.1 | 10.00 | 76.00 | 86.00 | OK | |
r-patched-linux-x86_64 | 1.0.1 | 8.26 | 63.09 | 71.35 | NOTE | |
r-release-linux-x86_64 | 1.0.1 | 7.36 | 62.02 | 69.38 | NOTE | |
r-release-macos-arm64 | 1.0.1 | 50.00 | NOTE | |||
r-release-macos-x86_64 | 1.0.1 | 104.00 | NOTE | |||
r-release-windows-x86_64 | 1.0.1 | 9.00 | 76.00 | 85.00 | NOTE | |
r-oldrel-macos-arm64 | 1.0.1 | 48.00 | NOTE | |||
r-oldrel-macos-x86_64 | 1.0.1 | 81.00 | NOTE | |||
r-oldrel-windows-x86_64 | 1.0.1 | 12.00 | 89.00 | 101.00 | NOTE |
Version: 1.0.1
Check: dependencies in R code
Result: NOTE
Namespace in Imports field not imported from: ‘decomposedPSF’
All declared Imports should be used.
Flavors: r-devel-linux-x86_64-fedora-clang, r-devel-linux-x86_64-fedora-gcc
Version: 1.0.1
Check: LazyData
Result: NOTE
'LazyData' is specified without a 'data' directory
Flavors: r-patched-linux-x86_64, r-release-linux-x86_64, r-release-macos-arm64, r-release-macos-x86_64, r-release-windows-x86_64, r-oldrel-macos-arm64, r-oldrel-macos-x86_64, r-oldrel-windows-x86_64