Last updated on 2024-05-01 16:52:55 CEST.
Flavor | Version | Tinstall | Tcheck | Ttotal | Status | Flags |
---|---|---|---|---|---|---|
r-devel-linux-x86_64-debian-clang | 1.0.0 | 6.26 | 56.67 | 62.93 | OK | |
r-devel-linux-x86_64-debian-gcc | 1.0.0 | 4.14 | 42.14 | 46.28 | OK | |
r-devel-linux-x86_64-fedora-clang | 1.0.0 | 78.82 | NOTE | |||
r-devel-linux-x86_64-fedora-gcc | 1.0.0 | 83.78 | NOTE | |||
r-devel-windows-x86_64 | 1.0.0 | 6.00 | 61.00 | 67.00 | OK | |
r-patched-linux-x86_64 | 1.0.0 | 6.55 | 52.22 | 58.77 | OK | |
r-release-linux-x86_64 | 1.0.0 | 5.20 | 53.51 | 58.71 | OK | |
r-release-macos-arm64 | 1.0.0 | 30.00 | OK | |||
r-release-macos-x86_64 | 1.0.0 | 90.00 | OK | |||
r-release-windows-x86_64 | 1.0.0 | 8.00 | 62.00 | 70.00 | OK | |
r-oldrel-macos-arm64 | 1.0.0 | 35.00 | OK | |||
r-oldrel-macos-x86_64 | 1.0.0 | 72.00 | OK | |||
r-oldrel-windows-x86_64 | 1.0.0 | 8.00 | 66.00 | 74.00 | OK |
Version: 1.0.0
Check: dependencies in R code
Result: NOTE
Namespaces in Imports field not imported from:
‘knitr’ ‘utils’
All declared Imports should be used.
Flavors: r-devel-linux-x86_64-fedora-clang, r-devel-linux-x86_64-fedora-gcc