CRAN Package Check Results for Package FossilSim

Last updated on 2020-12-01 12:49:19 CET.

Flavor Version Tinstall Tcheck Ttotal Status Flags
r-devel-linux-x86_64-debian-clang 2.1.1 9.66 86.47 96.13 NOTE
r-devel-linux-x86_64-debian-gcc 2.1.1 6.25 64.71 70.96 NOTE
r-devel-linux-x86_64-fedora-clang 2.1.1 120.71 NOTE
r-devel-linux-x86_64-fedora-gcc 2.1.1 115.92 NOTE
r-devel-windows-ix86+x86_64 2.1.1 12.00 114.00 126.00 OK
r-patched-linux-x86_64 2.1.1 8.29 85.83 94.12 NOTE
r-patched-solaris-x86 2.1.1 140.10 NOTE
r-release-linux-x86_64 2.1.1 6.50 86.66 93.16 NOTE
r-release-macos-x86_64 2.1.1 OK
r-release-windows-ix86+x86_64 2.1.1 8.00 98.00 106.00 OK
r-oldrel-macos-x86_64 2.1.1 OK
r-oldrel-windows-ix86+x86_64 2.1.1 8.00 115.00 123.00 OK

Check Details

Version: 2.1.1
Check: for non-standard things in the check directory
Result: NOTE
    Found the following files/directories:
     'BEASTconstraints.xml' 'example.tre'
Flavors: r-devel-linux-x86_64-debian-clang, r-devel-linux-x86_64-debian-gcc, r-devel-linux-x86_64-fedora-clang, r-devel-linux-x86_64-fedora-gcc, r-patched-linux-x86_64, r-patched-solaris-x86, r-release-linux-x86_64