Last updated on 2021-03-01 12:47:34 CET.
Flavor | Version | Tinstall | Tcheck | Ttotal | Status | Flags |
---|---|---|---|---|---|---|
r-devel-linux-x86_64-debian-clang | 2.1.1 | NOTE | ||||
r-devel-linux-x86_64-debian-gcc | 2.1.1 | 5.41 | 65.45 | 70.86 | NOTE | |
r-devel-linux-x86_64-fedora-clang | 2.1.1 | 119.09 | NOTE | |||
r-devel-linux-x86_64-fedora-gcc | 2.1.1 | 111.30 | NOTE | |||
r-devel-windows-ix86+x86_64 | 2.1.1 | 10.00 | 88.00 | 98.00 | OK | |
r-patched-linux-x86_64 | 2.1.1 | 5.72 | 82.25 | 87.97 | NOTE | |
r-patched-solaris-x86 | 2.1.1 | 146.10 | NOTE | |||
r-release-linux-x86_64 | 2.1.1 | 6.46 | 82.04 | 88.50 | NOTE | |
r-release-macos-x86_64 | 2.1.1 | OK | ||||
r-release-windows-ix86+x86_64 | 2.1.1 | 13.00 | 124.00 | 137.00 | OK | |
r-oldrel-macos-x86_64 | 2.1.1 | OK | ||||
r-oldrel-windows-ix86+x86_64 | 2.1.1 | 7.00 | 105.00 | 112.00 | OK |
Version: 2.1.1
Check: for non-standard things in the check directory
Result: NOTE
Found the following files/directories:
'BEASTconstraints.xml' 'example.tre'
Flavors: r-devel-linux-x86_64-debian-clang, r-devel-linux-x86_64-debian-gcc, r-devel-linux-x86_64-fedora-clang, r-devel-linux-x86_64-fedora-gcc, r-patched-linux-x86_64, r-patched-solaris-x86, r-release-linux-x86_64