CRAN Package Check Results for Package FuzzyAHP

Last updated on 2025-01-19 05:49:09 CET.

Flavor Version Tinstall Tcheck Ttotal Status Flags
r-devel-linux-x86_64-debian-clang 0.9.5 5.40 31.33 36.73 OK
r-devel-linux-x86_64-debian-gcc 0.9.5 4.25 24.04 28.29 OK
r-devel-linux-x86_64-fedora-clang 0.9.5 61.06 OK
r-devel-linux-x86_64-fedora-gcc 0.9.5 78.02 OK
r-devel-windows-x86_64 0.9.5 6.00 60.00 66.00 OK
r-patched-linux-x86_64 0.9.5 5.72 29.76 35.48 NOTE
r-release-linux-x86_64 0.9.5 5.94 29.48 35.42 NOTE
r-release-macos-arm64 0.9.5 29.00 NOTE
r-release-macos-x86_64 0.9.5 45.00 NOTE
r-release-windows-x86_64 0.9.5 7.00 60.00 67.00 NOTE
r-oldrel-macos-arm64 0.9.5 35.00 NOTE
r-oldrel-macos-x86_64 0.9.5 44.00 NOTE
r-oldrel-windows-x86_64 0.9.5 7.00 61.00 68.00 NOTE

Check Details

Version: 0.9.5
Check: LazyData
Result: NOTE 'LazyData' is specified without a 'data' directory Flavors: r-patched-linux-x86_64, r-release-linux-x86_64, r-release-macos-arm64, r-release-macos-x86_64, r-release-windows-x86_64, r-oldrel-macos-arm64, r-oldrel-macos-x86_64, r-oldrel-windows-x86_64