Last updated on 2024-05-09 19:49:45 CEST.
Flavor | Version | Tinstall | Tcheck | Ttotal | Status | Flags |
---|---|---|---|---|---|---|
r-devel-linux-x86_64-debian-clang | 0.4-7 | 9.62 | 88.01 | 97.63 | NOTE | |
r-devel-linux-x86_64-debian-gcc | 0.4-7 | 7.37 | 66.79 | 74.16 | NOTE | |
r-devel-linux-x86_64-fedora-clang | 0.4-7 | 123.96 | NOTE | |||
r-devel-linux-x86_64-fedora-gcc | 0.4-7 | 135.43 | NOTE | |||
r-devel-windows-x86_64 | 0.4-7 | 9.00 | 114.00 | 123.00 | NOTE | |
r-patched-linux-x86_64 | 0.4-7 | 12.46 | 86.04 | 98.50 | NOTE | |
r-release-linux-x86_64 | 0.4-7 | 10.36 | 84.80 | 95.16 | NOTE | |
r-release-macos-arm64 | 0.4-7 | 42.00 | NOTE | |||
r-release-windows-x86_64 | 0.4-7 | 9.00 | 113.00 | 122.00 | NOTE | |
r-oldrel-macos-arm64 | 0.4-7 | 43.00 | OK | |||
r-oldrel-macos-x86_64 | 0.4-7 | 70.00 | OK | |||
r-oldrel-windows-x86_64 | 0.4-7 | 10.00 | 123.00 | 133.00 | OK |
Version: 0.4-7
Check: Rd files
Result: NOTE
checkRd: (-1) trapezoidalApproximation-methods.Rd:49: Lost braces; missing escapes or markup?
49 | For example, if Val(A) < EV_{1/3}(A) or Val(A) > EV_{2/3}(A),
| ^
checkRd: (-1) trapezoidalApproximation-methods.Rd:49: Lost braces; missing escapes or markup?
49 | For example, if Val(A) < EV_{1/3}(A) or Val(A) > EV_{2/3}(A),
| ^
Flavors: r-devel-linux-x86_64-debian-clang, r-devel-linux-x86_64-debian-gcc, r-devel-linux-x86_64-fedora-clang, r-devel-linux-x86_64-fedora-gcc, r-devel-windows-x86_64, r-patched-linux-x86_64, r-release-linux-x86_64, r-release-macos-arm64, r-release-windows-x86_64