Last updated on 2024-05-01 16:52:55 CEST.
Flavor | Version | Tinstall | Tcheck | Ttotal | Status | Flags |
---|---|---|---|---|---|---|
r-devel-linux-x86_64-debian-clang | 0.6.2 | 208.76 | 43.67 | 252.43 | OK | |
r-devel-linux-x86_64-debian-gcc | 0.6.2 | 178.45 | 46.65 | 225.10 | OK | |
r-devel-linux-x86_64-fedora-clang | 0.6.2 | 322.17 | OK | |||
r-devel-linux-x86_64-fedora-gcc | 0.6.2 | 405.13 | OK | |||
r-devel-windows-x86_64 | 0.6.2 | 146.00 | 90.00 | 236.00 | OK | |
r-patched-linux-x86_64 | 0.6.2 | 218.31 | 62.11 | 280.42 | OK | |
r-release-linux-x86_64 | 0.6.2 | 234.17 | 60.47 | 294.64 | OK | |
r-release-macos-arm64 | 0.6.2 | 84.00 | NOTE | |||
r-release-macos-x86_64 | 0.6.2 | 97.00 | NOTE | |||
r-release-windows-x86_64 | 0.6.2 | 147.00 | 88.00 | 235.00 | OK | |
r-oldrel-macos-arm64 | 0.6.2 | 77.00 | NOTE | |||
r-oldrel-macos-x86_64 | 0.6.2 | 101.00 | NOTE | |||
r-oldrel-windows-x86_64 | 0.6.2 | 178.00 | 105.00 | 283.00 | OK |
Version: 0.6.2
Check: installed package size
Result: NOTE
installed size is 55.0Mb
sub-directories of 1Mb or more:
libs 54.8Mb
Flavors: r-release-macos-arm64, r-release-macos-x86_64, r-oldrel-macos-arm64, r-oldrel-macos-x86_64