Last updated on 2025-02-08 20:48:23 CET.
Flavor | Version | Tinstall | Tcheck | Ttotal | Status | Flags |
---|---|---|---|---|---|---|
r-devel-linux-x86_64-debian-clang | 1.2.2 | 14.49 | 43.87 | 58.36 | OK | |
r-devel-linux-x86_64-debian-gcc | 1.2.2 | 10.67 | 33.09 | 43.76 | OK | |
r-devel-linux-x86_64-fedora-clang | 1.2.2 | 95.46 | NOTE | |||
r-devel-linux-x86_64-fedora-gcc | 1.2.2 | 93.48 | NOTE | |||
r-devel-windows-x86_64 | 1.2.2 | 15.00 | 93.00 | 108.00 | OK | |
r-patched-linux-x86_64 | 1.2.2 | 14.27 | 41.40 | 55.67 | OK | |
r-release-linux-x86_64 | 1.2.2 | 13.37 | 41.89 | 55.26 | OK | |
r-release-macos-arm64 | 1.2.2 | 30.00 | OK | |||
r-release-macos-x86_64 | 1.2.2 | 55.00 | OK | |||
r-release-windows-x86_64 | 1.2.2 | 16.00 | 92.00 | 108.00 | OK | |
r-oldrel-macos-arm64 | 1.2.2 | 35.00 | OK | |||
r-oldrel-macos-x86_64 | 1.2.2 | 54.00 | OK | |||
r-oldrel-windows-x86_64 | 1.2.2 | 14.00 | 108.00 | 122.00 | OK |
Version: 1.2.2
Check: compiled code
Result: NOTE
File ‘GCPM/libs/GCPM.so’:
Found no calls to: ‘R_registerRoutines’, ‘R_useDynamicSymbols’
It is good practice to register native routines and to disable symbol
search.
See ‘Writing portable packages’ in the ‘Writing R Extensions’ manual.
Flavors: r-devel-linux-x86_64-fedora-clang, r-devel-linux-x86_64-fedora-gcc