CRAN Package Check Results for Package GCSM

Last updated on 2025-01-19 05:49:09 CET.

Flavor Version Tinstall Tcheck Ttotal Status Flags
r-devel-linux-x86_64-debian-clang 0.1.1 66.72 24.53 91.25 NOTE
r-devel-linux-x86_64-debian-gcc 0.1.1 46.02 19.71 65.73 NOTE
r-devel-linux-x86_64-fedora-clang 0.1.1 167.84 NOTE
r-devel-linux-x86_64-fedora-gcc 0.1.1 185.72 NOTE
r-devel-windows-x86_64 0.1.1 69.00 67.00 136.00 NOTE
r-patched-linux-x86_64 0.1.1 64.71 23.24 87.95 NOTE
r-release-linux-x86_64 0.1.1 63.66 23.09 86.75 NOTE
r-release-macos-arm64 0.1.1 41.00 NOTE
r-release-macos-x86_64 0.1.1 42.00 NOTE
r-release-windows-x86_64 0.1.1 69.00 63.00 132.00 NOTE
r-oldrel-macos-arm64 0.1.1 50.00 NOTE
r-oldrel-macos-x86_64 0.1.1 85.00 NOTE
r-oldrel-windows-x86_64 0.1.1 76.00 75.00 151.00 NOTE

Check Details

Version: 0.1.1
Check: C++ specification
Result: NOTE Specified C++11: please drop specification unless essential Flavors: r-devel-linux-x86_64-debian-clang, r-devel-linux-x86_64-debian-gcc, r-devel-linux-x86_64-fedora-clang, r-devel-linux-x86_64-fedora-gcc, r-devel-windows-x86_64, r-patched-linux-x86_64, r-release-linux-x86_64, r-release-macos-arm64, r-release-macos-x86_64, r-release-windows-x86_64, r-oldrel-macos-arm64, r-oldrel-macos-x86_64, r-oldrel-windows-x86_64