Last updated on 2024-05-01 16:52:55 CEST.
Flavor | Version | Tinstall | Tcheck | Ttotal | Status | Flags |
---|---|---|---|---|---|---|
r-devel-linux-x86_64-debian-clang | 0.1.1 | 103.78 | 30.44 | 134.22 | NOTE | |
r-devel-linux-x86_64-debian-gcc | 0.1.1 | 88.66 | 23.42 | 112.08 | NOTE | |
r-devel-linux-x86_64-fedora-clang | 0.1.1 | 198.36 | NOTE | |||
r-devel-linux-x86_64-fedora-gcc | 0.1.1 | 208.15 | NOTE | |||
r-devel-windows-x86_64 | 0.1.1 | 82.00 | 64.00 | 146.00 | NOTE | |
r-patched-linux-x86_64 | 0.1.1 | 111.90 | 30.05 | 141.95 | NOTE | |
r-release-linux-x86_64 | 0.1.1 | 110.43 | 29.51 | 139.94 | NOTE | |
r-release-macos-arm64 | 0.1.1 | 41.00 | NOTE | |||
r-release-windows-x86_64 | 0.1.1 | 86.00 | 68.00 | 154.00 | NOTE | |
r-oldrel-macos-arm64 | 0.1.1 | 50.00 | NOTE | |||
r-oldrel-macos-x86_64 | 0.1.1 | 85.00 | NOTE | |||
r-oldrel-windows-x86_64 | 0.1.1 | 103.00 | 73.00 | 176.00 | NOTE |
Version: 0.1.1
Check: C++ specification
Result: NOTE
Specified C++11: please drop specification unless essential
Flavors: r-devel-linux-x86_64-debian-clang, r-devel-linux-x86_64-debian-gcc, r-devel-linux-x86_64-fedora-clang, r-devel-linux-x86_64-fedora-gcc, r-devel-windows-x86_64, r-patched-linux-x86_64, r-release-linux-x86_64, r-release-macos-arm64, r-release-windows-x86_64, r-oldrel-macos-arm64, r-oldrel-macos-x86_64, r-oldrel-windows-x86_64