CRAN Package Check Results for Package GDINA

Last updated on 2019-10-21 12:46:21 CEST.

Flavor Version Tinstall Tcheck Ttotal Status Flags
r-devel-linux-x86_64-debian-clang 2.7.3 230.94 83.40 314.34 OK
r-devel-linux-x86_64-debian-gcc 2.7.3 173.68 64.70 238.38 OK
r-devel-linux-x86_64-fedora-clang 2.7.3 427.23 NOTE
r-devel-linux-x86_64-fedora-gcc 2.7.3 414.55 OK
r-devel-windows-ix86+x86_64 2.7.3 364.00 122.00 486.00 OK
r-patched-linux-x86_64 2.7.3 185.48 81.62 267.10 OK
r-patched-solaris-x86 2.7.3 354.80 OK
r-release-linux-x86_64 2.7.3 185.69 82.12 267.81 OK
r-release-windows-ix86+x86_64 2.7.3 493.00 130.00 623.00 OK
r-release-osx-x86_64 2.7.3 NOTE
r-oldrel-windows-ix86+x86_64 2.7.3 347.00 118.00 465.00 OK
r-oldrel-osx-x86_64 2.7.3 NOTE

Check Details

Version: 2.7.3
Check: installed package size
Result: NOTE
     installed size is 14.0Mb
     sub-directories of 1Mb or more:
     libs 13.1Mb
Flavors: r-devel-linux-x86_64-fedora-clang, r-release-osx-x86_64, r-oldrel-osx-x86_64