CRAN Package Check Results for Package GDINA

Last updated on 2025-01-19 05:49:09 CET.

Flavor Version Tinstall Tcheck Ttotal Status Flags
r-devel-linux-x86_64-debian-clang 2.9.4 167.09 102.00 269.09 NOTE
r-devel-linux-x86_64-debian-gcc 2.9.4 121.64 67.85 189.49 NOTE
r-devel-linux-x86_64-fedora-clang 2.9.4 509.96 NOTE
r-devel-linux-x86_64-fedora-gcc 2.9.4 539.48 NOTE
r-devel-windows-x86_64 2.9.4 172.00 139.00 311.00 NOTE
r-patched-linux-x86_64 2.9.4 173.68 94.24 267.92 NOTE
r-release-linux-x86_64 2.9.4 179.25 94.03 273.28 NOTE
r-release-macos-arm64 2.9.4 113.00 NOTE
r-release-macos-x86_64 2.9.4 133.00 NOTE
r-release-windows-x86_64 2.9.4 175.00 139.00 314.00 NOTE
r-oldrel-macos-arm64 2.9.4 103.00 NOTE
r-oldrel-macos-x86_64 2.9.4 181.00 NOTE
r-oldrel-windows-x86_64 2.9.4 195.00 168.00 363.00 OK

Check Details

Version: 2.9.4
Check: Rd files
Result: NOTE checkRd: (-1) GMSCDM.Rd:25: Lost braces; missing escapes or markup? 25 | representing restricted GMS-DINA and GMS-DINO models where delta_{jm1} are equal for all strategies. Note that only a single model can be used | ^ Flavors: r-devel-linux-x86_64-debian-clang, r-devel-linux-x86_64-debian-gcc, r-devel-linux-x86_64-fedora-clang, r-devel-linux-x86_64-fedora-gcc, r-devel-windows-x86_64, r-patched-linux-x86_64, r-release-linux-x86_64, r-release-macos-arm64, r-release-macos-x86_64, r-release-windows-x86_64

Version: 2.9.4
Check: installed package size
Result: NOTE installed size is 12.9Mb sub-directories of 1Mb or more: libs 11.9Mb Flavors: r-release-macos-arm64, r-release-macos-x86_64, r-oldrel-macos-arm64, r-oldrel-macos-x86_64