CRAN Package Check Results for Package GDINA

Last updated on 2020-06-02 12:48:44 CEST.

Flavor Version Tinstall Tcheck Ttotal Status Flags
r-devel-linux-x86_64-debian-clang 2.8.0 248.28 97.00 345.28 OK
r-devel-linux-x86_64-debian-gcc 2.8.0 193.34 72.91 266.25 OK
r-devel-linux-x86_64-fedora-clang 2.8.0 485.88 NOTE
r-devel-linux-x86_64-fedora-gcc 2.8.0 435.83 OK
r-devel-windows-ix86+x86_64 2.8.0 602.00 199.00 801.00 OK
r-patched-linux-x86_64 2.8.0 192.77 95.27 288.04 OK
r-patched-solaris-x86 2.8.0 370.30 OK
r-release-linux-x86_64 2.8.0 201.90 94.50 296.40 OK
r-release-osx-x86_64 2.8.0 NOTE
r-release-windows-ix86+x86_64 2.8.0 442.00 154.00 596.00 OK
r-oldrel-osx-x86_64 2.8.0 NOTE
r-oldrel-windows-ix86+x86_64 2.8.0 449.00 145.00 594.00 OK

Check Details

Version: 2.8.0
Check: installed package size
Result: NOTE
     installed size is 15.5Mb
     sub-directories of 1Mb or more:
     libs 14.5Mb
Flavors: r-devel-linux-x86_64-fedora-clang, r-release-osx-x86_64, r-oldrel-osx-x86_64