Last updated on 2024-04-17 13:57:29 CEST.
Flavor | Version | Tinstall | Tcheck | Ttotal | Status | Flags |
---|---|---|---|---|---|---|
r-devel-linux-x86_64-debian-clang | 1.0.4 | 11.92 | 82.75 | 94.67 | NOTE | |
r-devel-linux-x86_64-debian-gcc | 1.0.4 | 9.69 | 60.32 | 70.01 | NOTE | |
r-devel-linux-x86_64-fedora-clang | 1.0.4 | 119.83 | NOTE | |||
r-devel-linux-x86_64-fedora-gcc | 1.0.4 | 113.73 | NOTE | |||
r-prerel-macos-arm64 | 1.0.4 | 33.00 | NOTE | |||
r-prerel-windows-x86_64 | 1.0.4 | 10.00 | 77.00 | 87.00 | NOTE | |
r-patched-linux-x86_64 | 1.0.4 | 12.50 | 78.70 | 91.20 | NOTE | |
r-release-linux-x86_64 | 1.0.4 | 12.52 | 83.51 | 96.03 | NOTE | |
r-release-macos-arm64 | 1.0.4 | 37.00 | NOTE | |||
r-release-macos-x86_64 | 1.0.4 | 59.00 | NOTE | |||
r-release-windows-x86_64 | 1.0.4 | 14.00 | 87.00 | 101.00 | NOTE | |
r-oldrel-macos-arm64 | 1.0.4 | 34.00 | NOTE | |||
r-oldrel-windows-x86_64 | 1.0.4 | 14.00 | 91.00 | 105.00 | NOTE |
Version: 1.0.4
Check: LazyData
Result: NOTE
'LazyData' is specified without a 'data' directory
Flavors: r-devel-linux-x86_64-debian-clang, r-devel-linux-x86_64-debian-gcc, r-devel-linux-x86_64-fedora-clang, r-devel-linux-x86_64-fedora-gcc, r-prerel-macos-arm64, r-prerel-windows-x86_64, r-patched-linux-x86_64, r-release-linux-x86_64, r-release-macos-arm64, r-release-macos-x86_64, r-release-windows-x86_64, r-oldrel-macos-arm64, r-oldrel-windows-x86_64