CRAN Package Check Results for Package GFGM.copula

Last updated on 2025-01-19 05:49:09 CET.

Flavor Version Tinstall Tcheck Ttotal Status Flags
r-devel-linux-x86_64-debian-clang 1.0.4 10.47 64.14 74.61 OK
r-devel-linux-x86_64-debian-gcc 1.0.4 7.16 47.57 54.73 OK
r-devel-linux-x86_64-fedora-clang 1.0.4 121.87 OK
r-devel-linux-x86_64-fedora-gcc 1.0.4 123.73 OK
r-devel-windows-x86_64 1.0.4 12.00 79.00 91.00 OK
r-patched-linux-x86_64 1.0.4 10.69 61.12 71.81 NOTE
r-release-linux-x86_64 1.0.4 10.82 60.90 71.72 NOTE
r-release-macos-arm64 1.0.4 33.00 NOTE
r-release-macos-x86_64 1.0.4 53.00 NOTE
r-release-windows-x86_64 1.0.4 11.00 76.00 87.00 NOTE
r-oldrel-macos-arm64 1.0.4 37.00 NOTE
r-oldrel-macos-x86_64 1.0.4 59.00 NOTE
r-oldrel-windows-x86_64 1.0.4 14.00 92.00 106.00 NOTE

Check Details

Version: 1.0.4
Check: LazyData
Result: NOTE 'LazyData' is specified without a 'data' directory Flavors: r-patched-linux-x86_64, r-release-linux-x86_64, r-release-macos-arm64, r-release-macos-x86_64, r-release-windows-x86_64, r-oldrel-macos-arm64, r-oldrel-macos-x86_64, r-oldrel-windows-x86_64