CRAN Package Check Results for Package GGMncv

Last updated on 2025-01-19 05:49:09 CET.

Flavor Version Tinstall Tcheck Ttotal Status Flags
r-devel-linux-x86_64-debian-clang 2.1.1 27.31 91.90 119.21 NOTE
r-devel-linux-x86_64-debian-gcc 2.1.1 19.33 70.12 89.45 NOTE
r-devel-linux-x86_64-fedora-clang 2.1.1 204.06 NOTE
r-devel-linux-x86_64-fedora-gcc 2.1.1 257.11 NOTE
r-devel-windows-x86_64 2.1.1 27.00 137.00 164.00 NOTE
r-patched-linux-x86_64 2.1.1 27.96 89.49 117.45 NOTE
r-release-linux-x86_64 2.1.1 28.40 89.15 117.55 NOTE
r-release-macos-arm64 2.1.1 82.00 NOTE
r-release-macos-x86_64 2.1.1 107.00 NOTE
r-release-windows-x86_64 2.1.1 28.00 130.00 158.00 NOTE
r-oldrel-macos-arm64 2.1.1 87.00 NOTE
r-oldrel-macos-x86_64 2.1.1 121.00 NOTE
r-oldrel-windows-x86_64 2.1.1 36.00 152.00 188.00 NOTE

Check Details

Version: 2.1.1
Check: C++ specification
Result: NOTE Specified C++11: please drop specification unless essential Flavors: r-devel-linux-x86_64-debian-clang, r-devel-linux-x86_64-debian-gcc, r-devel-linux-x86_64-fedora-clang, r-devel-linux-x86_64-fedora-gcc, r-devel-windows-x86_64, r-patched-linux-x86_64, r-release-linux-x86_64, r-release-macos-arm64, r-release-macos-x86_64, r-release-windows-x86_64, r-oldrel-macos-arm64, r-oldrel-macos-x86_64, r-oldrel-windows-x86_64

Version: 2.1.1
Check: top-level files
Result: NOTE possible bashism in configure.ac line 36 (should be 'b = a'): if test x"${RSysinfoName}" == x"Darwin"; then possible bashism in configure.ac line 47 (should be 'b = a'): if test x"${hasOpenMP}" == x""; then Flavors: r-devel-linux-x86_64-debian-clang, r-devel-linux-x86_64-debian-gcc, r-devel-linux-x86_64-fedora-clang, r-devel-linux-x86_64-fedora-gcc

Version: 2.1.1
Check: Rd files
Result: NOTE checkRd: (-1) boot_eip.Rd:50: Escaped LaTeX specials: \& checkRd: (-1) constrained.Rd:93: Escaped LaTeX specials: \& Flavors: r-devel-linux-x86_64-debian-clang, r-devel-linux-x86_64-debian-gcc, r-devel-linux-x86_64-fedora-clang, r-devel-linux-x86_64-fedora-gcc, r-devel-windows-x86_64, r-patched-linux-x86_64, r-release-linux-x86_64, r-release-macos-arm64, r-release-macos-x86_64, r-release-windows-x86_64, r-oldrel-macos-arm64, r-oldrel-macos-x86_64, r-oldrel-windows-x86_64

Version: 2.1.1
Check: dependencies in R code
Result: NOTE Namespaces in Imports field not imported from: ‘Rdpack’ ‘mathjaxr’ All declared Imports should be used. Flavors: r-devel-linux-x86_64-fedora-clang, r-devel-linux-x86_64-fedora-gcc

Version: 2.1.1
Check: package dependencies
Result: NOTE Packages suggested but not available for checking: 'car', 'NetworkToolbox', 'NetworkComparisonTest' Flavor: r-oldrel-macos-x86_64