CRAN Package Check Results for Package GGUM

Last updated on 2019-10-20 12:46:14 CEST.

Flavor Version Tinstall Tcheck Ttotal Status Flags
r-devel-linux-x86_64-debian-clang 0.3.3 12.80 128.59 141.39 OK
r-devel-linux-x86_64-debian-gcc 0.3.3 11.37 94.88 106.25 OK
r-devel-linux-x86_64-fedora-clang 0.3.3 168.19 OK
r-devel-linux-x86_64-fedora-gcc 0.3.3 158.24 OK
r-devel-windows-ix86+x86_64 0.3.3 13.00 5.00 18.00 ERROR
r-patched-linux-x86_64 0.3.3 13.42 123.89 137.31 OK
r-patched-solaris-x86 0.3.3 197.40 OK
r-release-linux-x86_64 0.3.3 13.46 123.09 136.55 OK
r-release-windows-ix86+x86_64 0.3.3 28.00 108.00 136.00 OK
r-release-osx-x86_64 0.3.3 OK
r-oldrel-windows-ix86+x86_64 0.3.3 12.00 106.00 118.00 OK
r-oldrel-osx-x86_64 0.3.3 OK

Check Details

Version: 0.3.3
Check: whether package can be installed
Result: ERROR
    Installation failed.
Flavor: r-devel-windows-ix86+x86_64