CRAN Package Check Results for Package GHap

Last updated on 2025-01-19 05:49:09 CET.

Flavor Version Tinstall Tcheck Ttotal Status Flags
r-devel-linux-x86_64-debian-clang 3.0.0 19.83 127.52 147.35 NOTE
r-devel-linux-x86_64-debian-gcc 3.0.0 12.36 81.65 94.01 NOTE
r-devel-linux-x86_64-fedora-clang 3.0.0 238.09 NOTE
r-devel-linux-x86_64-fedora-gcc 3.0.0 230.56 NOTE
r-devel-windows-x86_64 3.0.0 19.00 135.00 154.00 NOTE
r-patched-linux-x86_64 3.0.0 22.90 115.17 138.07 OK
r-release-linux-x86_64 3.0.0 17.24 115.46 132.70 OK
r-release-macos-arm64 3.0.0 61.00 OK
r-release-macos-x86_64 3.0.0 98.00 OK
r-release-windows-x86_64 3.0.0 19.00 134.00 153.00 OK
r-oldrel-macos-arm64 3.0.0 68.00 OK
r-oldrel-macos-x86_64 3.0.0 113.00 OK
r-oldrel-windows-x86_64 3.0.0 21.00 162.00 183.00 OK

Check Details

Version: 3.0.0
Check: Rd cross-references
Result: NOTE Found the following Rd file(s) with Rd \link{} targets missing package anchors: ancsvm.Rd: svm Please provide package anchors for all Rd \link{} targets not in the package itself and the base packages. Flavors: r-devel-linux-x86_64-debian-clang, r-devel-linux-x86_64-debian-gcc, r-devel-windows-x86_64

Version: 3.0.0
Check: dependencies in R code
Result: NOTE Namespace in Imports field not imported from: ‘class’ All declared Imports should be used. Flavors: r-devel-linux-x86_64-fedora-clang, r-devel-linux-x86_64-fedora-gcc