Last updated on 2025-01-19 05:49:09 CET.
Flavor | Version | Tinstall | Tcheck | Ttotal | Status | Flags |
---|---|---|---|---|---|---|
r-devel-linux-x86_64-debian-clang | 0.2.7 | 122.97 | 101.15 | 224.12 | OK | |
r-devel-linux-x86_64-debian-gcc | 0.2.7 | 101.90 | 101.28 | 203.18 | OK | |
r-devel-linux-x86_64-fedora-clang | 0.2.7 | 377.56 | OK | |||
r-devel-linux-x86_64-fedora-gcc | 0.2.7 | 467.01 | OK | |||
r-devel-windows-x86_64 | 0.2.7 | 120.00 | 186.00 | 306.00 | OK | |
r-patched-linux-x86_64 | 0.2.7 | 138.88 | 109.72 | 248.60 | OK | |
r-release-linux-x86_64 | 0.2.7 | 137.36 | 109.73 | 247.09 | OK | |
r-release-macos-arm64 | 0.2.7 | 96.00 | NOTE | |||
r-release-macos-x86_64 | 0.2.7 | 152.00 | NOTE | |||
r-release-windows-x86_64 | 0.2.7 | 115.00 | 181.00 | 296.00 | OK | |
r-oldrel-macos-arm64 | 0.2.7 | 114.00 | NOTE | |||
r-oldrel-macos-x86_64 | 0.2.7 | 152.00 | NOTE | |||
r-oldrel-windows-x86_64 | 0.2.7 | 140.00 | 199.00 | 339.00 | OK |
Version: 0.2.7
Check: installed package size
Result: NOTE
installed size is 25.1Mb
sub-directories of 1Mb or more:
libs 24.3Mb
Flavors: r-release-macos-arm64, r-release-macos-x86_64, r-oldrel-macos-arm64, r-oldrel-macos-x86_64