CRAN Package Check Results for Package GMMAT

Last updated on 2025-01-19 05:49:09 CET.

Flavor Version Tinstall Tcheck Ttotal Status Flags
r-devel-linux-x86_64-debian-clang 1.4.2 41.42 232.65 274.07 OK
r-devel-linux-x86_64-debian-gcc 1.4.2 36.54 205.16 241.70 OK
r-devel-linux-x86_64-fedora-clang 1.4.2 449.04 OK
r-devel-linux-x86_64-fedora-gcc 1.4.2 518.07 OK
r-devel-windows-x86_64 1.4.2 61.00 331.00 392.00 OK
r-patched-linux-x86_64 1.4.2 48.45 256.27 304.72 OK
r-release-linux-x86_64 1.4.2 49.84 254.62 304.46 OK
r-release-macos-arm64 1.4.2 175.00 NOTE
r-release-macos-x86_64 1.4.2 396.00 NOTE
r-release-windows-x86_64 1.4.2 61.00 338.00 399.00 NOTE
r-oldrel-macos-arm64 1.4.2 321.00 NOTE
r-oldrel-macos-x86_64 1.4.2 953.00 NOTE
r-oldrel-windows-x86_64 1.4.2 71.00 370.00 441.00 NOTE

Additional issues

noSuggests

Check Details

Version: 1.4.2
Check: package dependencies
Result: NOTE Packages suggested but not available for checking: 'SeqArray', 'SeqVarTools' Flavor: r-release-macos-arm64

Version: 1.4.2
Check: installed package size
Result: NOTE installed size is 7.6Mb sub-directories of 1Mb or more: libs 5.7Mb Flavors: r-release-macos-arm64, r-release-macos-x86_64, r-oldrel-macos-arm64, r-oldrel-macos-x86_64

Version: 1.4.2
Check: package dependencies
Result: NOTE Package suggested but not available for checking: 'doMC' Flavors: r-release-windows-x86_64, r-oldrel-windows-x86_64

Version: 1.4.2
Check: package dependencies
Result: NOTE Package suggested but not available for checking: ‘SeqVarTools’ Flavor: r-oldrel-macos-x86_64