Last updated on 2025-01-19 05:49:09 CET.
Flavor | Version | Tinstall | Tcheck | Ttotal | Status | Flags |
---|---|---|---|---|---|---|
r-devel-linux-x86_64-debian-clang | 0.1.0 | 4.02 | 52.81 | 56.83 | OK | |
r-devel-linux-x86_64-debian-gcc | 0.1.0 | 2.81 | 34.30 | 37.11 | OK | |
r-devel-linux-x86_64-fedora-clang | 0.1.0 | 91.56 | OK | |||
r-devel-linux-x86_64-fedora-gcc | 0.1.0 | 85.93 | OK | |||
r-devel-windows-x86_64 | 0.1.0 | 6.00 | 64.00 | 70.00 | OK | |
r-patched-linux-x86_64 | 0.1.0 | 3.62 | 48.46 | 52.08 | NOTE | |
r-release-linux-x86_64 | 0.1.0 | 3.70 | 48.37 | 52.07 | NOTE | |
r-release-macos-arm64 | 0.1.0 | 28.00 | NOTE | |||
r-release-macos-x86_64 | 0.1.0 | 42.00 | NOTE | |||
r-release-windows-x86_64 | 0.1.0 | 5.00 | 65.00 | 70.00 | NOTE | |
r-oldrel-macos-arm64 | 0.1.0 | 27.00 | NOTE | |||
r-oldrel-macos-x86_64 | 0.1.0 | 43.00 | NOTE | |||
r-oldrel-windows-x86_64 | 0.1.0 | 6.00 | 78.00 | 84.00 | NOTE |
Version: 0.1.0
Check: LazyData
Result: NOTE
'LazyData' is specified without a 'data' directory
Flavors: r-patched-linux-x86_64, r-release-linux-x86_64, r-release-macos-arm64, r-release-macos-x86_64, r-release-windows-x86_64, r-oldrel-macos-arm64, r-oldrel-macos-x86_64, r-oldrel-windows-x86_64