CRAN Package Check Results for Package GOCompare

Last updated on 2025-01-19 05:49:09 CET.

Flavor Version Tinstall Tcheck Ttotal Status Flags
r-devel-linux-x86_64-debian-clang 1.0.2.1 14.50 95.52 110.02 OK
r-devel-linux-x86_64-debian-gcc 1.0.2.1 9.34 64.51 73.85 OK
r-devel-linux-x86_64-fedora-clang 1.0.2.1 171.40 NOTE
r-devel-linux-x86_64-fedora-gcc 1.0.2.1 161.02 NOTE
r-devel-windows-x86_64 1.0.2.1 15.00 109.00 124.00 OK
r-patched-linux-x86_64 1.0.2.1 12.60 87.50 100.10 OK
r-release-linux-x86_64 1.0.2.1 12.47 88.45 100.92 OK
r-release-macos-arm64 1.0.2.1 54.00 OK
r-release-macos-x86_64 1.0.2.1 83.00 OK
r-release-windows-x86_64 1.0.2.1 14.00 108.00 122.00 OK
r-oldrel-macos-arm64 1.0.2.1 60.00 OK
r-oldrel-macos-x86_64 1.0.2.1 98.00 OK
r-oldrel-windows-x86_64 1.0.2.1 18.00 142.00 160.00 OK

Check Details

Version: 1.0.2.1
Check: dependencies in R code
Result: NOTE Namespaces in Imports field not imported from: ‘base’ ‘methods’ All declared Imports should be used. Flavors: r-devel-linux-x86_64-fedora-clang, r-devel-linux-x86_64-fedora-gcc