CRAN Package Check Results for Package GPArotateDF

Last updated on 2025-01-19 05:49:09 CET.

Flavor Version Tinstall Tcheck Ttotal Status Flags
r-devel-linux-x86_64-debian-clang 2023.11-1 2.09 29.42 31.51 NOTE
r-devel-linux-x86_64-debian-gcc 2023.11-1 1.54 22.42 23.96 NOTE
r-devel-linux-x86_64-fedora-clang 2023.11-1 50.98 OK
r-devel-linux-x86_64-fedora-gcc 2023.11-1 168.42 OK
r-devel-windows-x86_64 2023.11-1 5.00 63.00 68.00 NOTE
r-patched-linux-x86_64 2023.11-1 2.17 27.60 29.77 OK
r-release-linux-x86_64 2023.11-1 1.93 27.62 29.55 OK
r-release-macos-arm64 2023.11-1 46.00 OK
r-release-macos-x86_64 2023.11-1 112.00 OK
r-release-windows-x86_64 2023.11-1 3.00 61.00 64.00 OK
r-oldrel-macos-arm64 2023.11-1 55.00 OK
r-oldrel-macos-x86_64 2023.11-1 206.00 OK
r-oldrel-windows-x86_64 2023.11-1 3.00 61.00 64.00 OK

Check Details

Version: 2023.11-1
Check: Rd cross-references
Result: NOTE Found the following Rd file(s) with Rd \link{} targets missing package anchors: 00.GPArotateDF.Rd: NormalizingWeight Please provide package anchors for all Rd \link{} targets not in the package itself and the base packages. Flavors: r-devel-linux-x86_64-debian-clang, r-devel-linux-x86_64-debian-gcc, r-devel-windows-x86_64