Last updated on 2025-01-19 05:49:09 CET.
Flavor | Version | Tinstall | Tcheck | Ttotal | Status | Flags |
---|---|---|---|---|---|---|
r-devel-linux-x86_64-debian-clang | 1.4 | 8.79 | 578.47 | 587.26 | OK | |
r-devel-linux-x86_64-debian-gcc | 1.4 | 5.98 | 370.51 | 376.49 | OK | |
r-devel-linux-x86_64-fedora-clang | 1.4 | 979.14 | OK | |||
r-devel-linux-x86_64-fedora-gcc | 1.4 | 946.97 | OK | |||
r-devel-windows-x86_64 | 1.4 | 12.00 | 137.00 | 149.00 | OK | --no-vignettes |
r-patched-linux-x86_64 | 1.4 | 10.23 | 541.28 | 551.51 | OK | |
r-release-linux-x86_64 | 1.4 | 8.94 | 545.39 | 554.33 | OK | |
r-release-macos-arm64 | 1.4 | 216.00 | NOTE | |||
r-release-macos-x86_64 | 1.4 | 393.00 | NOTE | |||
r-release-windows-x86_64 | 1.4 | 11.00 | 117.00 | 128.00 | NOTE | --no-vignettes |
r-oldrel-macos-arm64 | 1.4 | 212.00 | NOTE | |||
r-oldrel-macos-x86_64 | 1.4 | 551.00 | NOTE | |||
r-oldrel-windows-x86_64 | 1.4 | 13.00 | 140.00 | 153.00 | NOTE | --no-vignettes |
Version: 1.4
Check: installed package size
Result: NOTE
installed size is 5.2Mb
sub-directories of 1Mb or more:
data 1.4Mb
doc 3.5Mb
Flavors: r-release-macos-arm64, r-release-macos-x86_64, r-oldrel-macos-arm64, r-oldrel-macos-x86_64
Version: 1.4
Flags: --no-vignettes
Check: installed package size
Result: NOTE
installed size is 5.2Mb
sub-directories of 1Mb or more:
data 1.4Mb
doc 3.5Mb
Flavors: r-release-windows-x86_64, r-oldrel-windows-x86_64