Last updated on 2025-01-19 05:49:09 CET.
Flavor | Version | Tinstall | Tcheck | Ttotal | Status | Flags |
---|---|---|---|---|---|---|
r-devel-linux-x86_64-debian-clang | 0.1.7 | 86.44 | 67.98 | 154.42 | OK | |
r-devel-linux-x86_64-debian-gcc | 0.1.7 | 59.80 | 48.38 | 108.18 | OK | |
r-devel-linux-x86_64-fedora-clang | 0.1.7 | 297.50 | OK | |||
r-devel-linux-x86_64-fedora-gcc | 0.1.7 | 293.68 | OK | |||
r-devel-windows-x86_64 | 0.1.7 | 93.00 | 97.00 | 190.00 | OK | |
r-patched-linux-x86_64 | 0.1.7 | 81.87 | 53.18 | 135.05 | OK | |
r-release-linux-x86_64 | 0.1.7 | 88.33 | 53.17 | 141.50 | OK | |
r-release-macos-arm64 | 0.1.7 | 61.00 | NOTE | |||
r-release-macos-x86_64 | 0.1.7 | 80.00 | NOTE | |||
r-release-windows-x86_64 | 0.1.7 | 89.00 | 95.00 | 184.00 | OK | |
r-oldrel-macos-arm64 | 0.1.7 | 68.00 | NOTE | |||
r-oldrel-macos-x86_64 | 0.1.7 | 105.00 | NOTE | |||
r-oldrel-windows-x86_64 | 0.1.7 | 104.00 | 109.00 | 213.00 | OK |
Version: 0.1.7
Check: installed package size
Result: NOTE
installed size is 5.7Mb
sub-directories of 1Mb or more:
libs 5.2Mb
Flavors: r-release-macos-arm64, r-release-macos-x86_64, r-oldrel-macos-arm64, r-oldrel-macos-x86_64