Last updated on 2025-01-19 05:49:09 CET.
Flavor | Version | Tinstall | Tcheck | Ttotal | Status | Flags |
---|---|---|---|---|---|---|
r-devel-linux-x86_64-debian-clang | 1.0 | 73.59 | 736.18 | 809.77 | OK | |
r-devel-linux-x86_64-debian-gcc | 1.0 | 54.73 | 554.95 | 609.68 | OK | |
r-devel-linux-x86_64-fedora-clang | 1.0 | 1350.01 | OK | |||
r-devel-linux-x86_64-fedora-gcc | 1.0 | 1342.71 | OK | |||
r-devel-windows-x86_64 | 1.0 | 70.00 | 628.00 | 698.00 | OK | |
r-patched-linux-x86_64 | 1.0 | 59.61 | 686.15 | 745.76 | OK | |
r-release-linux-x86_64 | 1.0 | 65.60 | 684.53 | 750.13 | OK | |
r-release-macos-arm64 | 1.0 | 10.00 | ERROR | |||
r-release-macos-x86_64 | 1.0 | 11.00 | ERROR | |||
r-release-windows-x86_64 | 1.0 | 66.00 | 608.00 | 674.00 | OK | |
r-oldrel-macos-arm64 | 1.0 | 11.00 | ERROR | |||
r-oldrel-macos-x86_64 | 1.0 | 13.00 | ERROR | |||
r-oldrel-windows-x86_64 | 1.0 | 2.00 | 8.00 | 10.00 | ERROR |
Version: 1.0
Check: package dependencies
Result: ERROR
Package required but not available: ‘EnsDb.Hsapiens.v75’
See section ‘The DESCRIPTION file’ in the ‘Writing R Extensions’
manual.
Flavors: r-release-macos-arm64, r-release-macos-x86_64, r-oldrel-macos-arm64, r-oldrel-macos-x86_64, r-oldrel-windows-x86_64