Last updated on 2025-01-19 05:49:10 CET.
Flavor | Version | Tinstall | Tcheck | Ttotal | Status | Flags |
---|---|---|---|---|---|---|
r-devel-linux-x86_64-debian-clang | 1.0.0 | 18.51 | 222.28 | 240.79 | OK | |
r-devel-linux-x86_64-debian-gcc | 1.0.0 | 14.09 | 151.35 | 165.44 | OK | |
r-devel-linux-x86_64-fedora-clang | 1.0.0 | 389.99 | NOTE | |||
r-devel-linux-x86_64-fedora-gcc | 1.0.0 | 375.26 | NOTE | |||
r-devel-windows-x86_64 | 1.0.0 | 22.00 | 200.00 | 222.00 | OK | |
r-patched-linux-x86_64 | 1.0.0 | 17.48 | 206.82 | 224.30 | OK | |
r-release-linux-x86_64 | 1.0.0 | 16.37 | 207.31 | 223.68 | OK | |
r-release-macos-arm64 | 1.0.0 | 125.00 | OK | |||
r-release-macos-x86_64 | 1.0.0 | 346.00 | OK | |||
r-release-windows-x86_64 | 1.0.0 | 18.00 | 192.00 | 210.00 | OK | |
r-oldrel-macos-arm64 | 1.0.0 | 150.00 | OK | |||
r-oldrel-macos-x86_64 | 1.0.0 | 425.00 | OK | |||
r-oldrel-windows-x86_64 | 1.0.0 | 24.00 | 274.00 | 298.00 | OK |
Version: 1.0.0
Check: dependencies in R code
Result: NOTE
Namespace in Imports field not imported from: ‘devtools’
All declared Imports should be used.
Flavors: r-devel-linux-x86_64-fedora-clang, r-devel-linux-x86_64-fedora-gcc