Last updated on 2025-01-19 05:49:10 CET.
Flavor | Version | Tinstall | Tcheck | Ttotal | Status | Flags |
---|---|---|---|---|---|---|
r-devel-linux-x86_64-debian-clang | 1.0.2 | 325.36 | 151.24 | 476.60 | OK | |
r-devel-linux-x86_64-debian-gcc | 1.0.2 | 303.68 | 136.32 | 440.00 | OK | |
r-devel-linux-x86_64-fedora-clang | 1.0.2 | 767.84 | OK | |||
r-devel-linux-x86_64-fedora-gcc | 1.0.2 | 1067.25 | OK | |||
r-devel-windows-x86_64 | 1.0.2 | 311.00 | 207.00 | 518.00 | OK | |
r-patched-linux-x86_64 | 1.0.2 | 323.64 | 178.18 | 501.82 | NOTE | |
r-release-linux-x86_64 | 1.0.2 | 392.58 | 178.81 | 571.39 | NOTE | |
r-release-macos-arm64 | 1.0.2 | 214.00 | NOTE | |||
r-release-macos-x86_64 | 1.0.2 | 304.00 | NOTE | |||
r-release-windows-x86_64 | 1.0.2 | 312.00 | 198.00 | 510.00 | NOTE | |
r-oldrel-macos-arm64 | 1.0.2 | 329.00 | NOTE | |||
r-oldrel-macos-x86_64 | 1.0.2 | 336.00 | NOTE | |||
r-oldrel-windows-x86_64 | 1.0.2 | 421.00 | 245.00 | 666.00 | NOTE |
Version: 1.0.2
Check: for GNU extensions in Makefiles
Result: NOTE
GNU make is a SystemRequirements.
Flavors: r-patched-linux-x86_64, r-release-linux-x86_64, r-release-macos-arm64, r-release-macos-x86_64, r-release-windows-x86_64, r-oldrel-macos-arm64, r-oldrel-macos-x86_64, r-oldrel-windows-x86_64
Version: 1.0.2
Check: installed package size
Result: NOTE
installed size is 67.9Mb
sub-directories of 1Mb or more:
libs 67.0Mb
Flavors: r-release-macos-arm64, r-release-macos-x86_64, r-oldrel-macos-arm64, r-oldrel-macos-x86_64