Last updated on 2025-01-19 05:49:10 CET.
Flavor | Version | Tinstall | Tcheck | Ttotal | Status | Flags |
---|---|---|---|---|---|---|
r-devel-linux-x86_64-debian-clang | 1.8 | 26.22 | 136.03 | 162.25 | NOTE | |
r-devel-linux-x86_64-debian-gcc | 1.8 | 18.08 | 90.23 | 108.31 | NOTE | |
r-devel-linux-x86_64-fedora-clang | 1.8 | 276.54 | OK | |||
r-devel-linux-x86_64-fedora-gcc | 1.8 | 337.66 | OK | |||
r-devel-windows-x86_64 | 1.8 | 33.00 | 149.00 | 182.00 | NOTE | |
r-patched-linux-x86_64 | 1.8 | 34.00 | 121.47 | 155.47 | OK | |
r-release-linux-x86_64 | 1.8 | 27.48 | 120.29 | 147.77 | OK | |
r-release-macos-arm64 | 1.8 | 80.00 | OK | |||
r-release-macos-x86_64 | 1.8 | 115.00 | OK | |||
r-release-windows-x86_64 | 1.8 | 33.00 | 149.00 | 182.00 | OK | |
r-oldrel-macos-arm64 | 1.8 | 107.00 | OK | |||
r-oldrel-macos-x86_64 | 1.8 | 181.00 | OK | |||
r-oldrel-windows-x86_64 | 1.8 | 39.00 | 194.00 | 233.00 | OK |
Version: 1.8
Check: Rd cross-references
Result: NOTE
Found the following Rd file(s) with Rd \link{} targets missing package
anchors:
adonis3.Rd: vegdist, permustats
dmanova.Rd: vegdist, nearPD
Please provide package anchors for all Rd \link{} targets not in the
package itself and the base packages.
Flavors: r-devel-linux-x86_64-debian-clang, r-devel-linux-x86_64-debian-gcc, r-devel-windows-x86_64