Last updated on 2024-05-01 16:52:57 CEST.
Flavor | Version | Tinstall | Tcheck | Ttotal | Status | Flags |
---|---|---|---|---|---|---|
r-devel-linux-x86_64-debian-clang | 1.0.2 | 1.47 | 22.17 | 23.64 | NOTE | |
r-devel-linux-x86_64-debian-gcc | 1.0.2 | 1.66 | 17.20 | 18.86 | NOTE | |
r-devel-linux-x86_64-fedora-clang | 1.0.2 | 30.62 | NOTE | |||
r-devel-linux-x86_64-fedora-gcc | 1.0.2 | 28.74 | NOTE | |||
r-devel-windows-x86_64 | 1.0.2 | 2.00 | 37.00 | 39.00 | NOTE | |
r-patched-linux-x86_64 | 1.0.2 | 1.93 | 21.95 | 23.88 | NOTE | |
r-release-linux-x86_64 | 1.0.2 | 2.04 | 21.83 | 23.87 | NOTE | |
r-release-macos-arm64 | 1.0.2 | 14.00 | NOTE | |||
r-release-windows-x86_64 | 1.0.2 | 3.00 | 37.00 | 40.00 | NOTE | |
r-oldrel-macos-arm64 | 1.0.2 | 16.00 | NOTE | |||
r-oldrel-macos-x86_64 | 1.0.2 | 19.00 | NOTE | |||
r-oldrel-windows-x86_64 | 1.0.2 | 4.00 | 36.00 | 40.00 | NOTE |
Version: 1.0.2
Check: LazyData
Result: NOTE
'LazyData' is specified without a 'data' directory
Flavors: r-devel-linux-x86_64-debian-clang, r-devel-linux-x86_64-debian-gcc, r-devel-linux-x86_64-fedora-clang, r-devel-linux-x86_64-fedora-gcc, r-devel-windows-x86_64, r-patched-linux-x86_64, r-release-linux-x86_64, r-release-macos-arm64, r-release-windows-x86_64, r-oldrel-macos-arm64, r-oldrel-macos-x86_64, r-oldrel-windows-x86_64