Last updated on 2024-05-01 16:52:57 CEST.
Flavor | Version | Tinstall | Tcheck | Ttotal | Status | Flags |
---|---|---|---|---|---|---|
r-devel-linux-x86_64-debian-clang | 0.0.4 | 3.63 | 39.31 | 42.94 | NOTE | |
r-devel-linux-x86_64-debian-gcc | 0.0.4 | 2.70 | 30.53 | 33.23 | NOTE | |
r-devel-linux-x86_64-fedora-clang | 0.0.4 | 54.15 | NOTE | |||
r-devel-linux-x86_64-fedora-gcc | 0.0.4 | 51.20 | NOTE | |||
r-devel-windows-x86_64 | 0.0.4 | 4.00 | 56.00 | 60.00 | NOTE | |
r-patched-linux-x86_64 | 0.0.4 | 2.99 | 38.87 | 41.86 | NOTE | |
r-release-linux-x86_64 | 0.0.4 | 2.83 | 37.47 | 40.30 | NOTE | |
r-release-macos-arm64 | 0.0.4 | 21.00 | NOTE | |||
r-release-windows-x86_64 | 0.0.4 | 4.00 | 56.00 | 60.00 | NOTE | |
r-oldrel-macos-arm64 | 0.0.4 | 22.00 | NOTE | |||
r-oldrel-macos-x86_64 | 0.0.4 | 30.00 | NOTE | |||
r-oldrel-windows-x86_64 | 0.0.4 | 5.00 | 58.00 | 63.00 | NOTE |
Version: 0.0.4
Check: LazyData
Result: NOTE
'LazyData' is specified without a 'data' directory
Flavors: r-devel-linux-x86_64-debian-clang, r-devel-linux-x86_64-debian-gcc, r-devel-linux-x86_64-fedora-clang, r-devel-linux-x86_64-fedora-gcc, r-devel-windows-x86_64, r-patched-linux-x86_64, r-release-linux-x86_64, r-release-macos-arm64, r-release-windows-x86_64, r-oldrel-macos-arm64, r-oldrel-macos-x86_64, r-oldrel-windows-x86_64
Version: 0.0.4
Check: dependencies in R code
Result: NOTE
Namespace in Imports field not imported from: ‘sf’
All declared Imports should be used.
Flavors: r-devel-linux-x86_64-fedora-clang, r-devel-linux-x86_64-fedora-gcc