Last updated on 2025-01-19 05:49:09 CET.
Flavor | Version | Tinstall | Tcheck | Ttotal | Status | Flags |
---|---|---|---|---|---|---|
r-devel-linux-x86_64-debian-clang | 0.2.13 | 197.14 | 289.39 | 486.53 | OK | |
r-devel-linux-x86_64-debian-gcc | 0.2.13 | 129.67 | 172.54 | 302.21 | OK | |
r-devel-linux-x86_64-fedora-clang | 0.2.13 | 866.54 | OK | |||
r-devel-linux-x86_64-fedora-gcc | 0.2.13 | 841.64 | OK | |||
r-devel-windows-x86_64 | 0.2.13 | 197.00 | 290.00 | 487.00 | OK | |
r-patched-linux-x86_64 | 0.2.13 | 179.58 | 263.06 | 442.64 | OK | |
r-release-linux-x86_64 | 0.2.13 | 188.40 | 252.28 | 440.68 | OK | |
r-release-macos-arm64 | 0.2.13 | 163.00 | NOTE | |||
r-release-macos-x86_64 | 0.2.13 | 241.00 | NOTE | |||
r-release-windows-x86_64 | 0.2.13 | 195.00 | 295.00 | 490.00 | OK | |
r-oldrel-macos-arm64 | 0.2.13 | 183.00 | NOTE | |||
r-oldrel-macos-x86_64 | 0.2.13 | 259.00 | NOTE | |||
r-oldrel-windows-x86_64 | 0.2.13 | 223.00 | 382.00 | 605.00 | OK |
Version: 0.2.13
Check: installed package size
Result: NOTE
installed size is 9.3Mb
sub-directories of 1Mb or more:
R 2.1Mb
libs 6.5Mb
Flavors: r-release-macos-arm64, r-release-macos-x86_64, r-oldrel-macos-arm64, r-oldrel-macos-x86_64