Last updated on 2025-01-19 05:49:09 CET.
Flavor | Version | Tinstall | Tcheck | Ttotal | Status | Flags |
---|---|---|---|---|---|---|
r-devel-linux-x86_64-debian-clang | 1.1.1 | 2.76 | 19.48 | 22.24 | NOTE | |
r-devel-linux-x86_64-debian-gcc | 1.1.1 | 2.69 | 15.84 | 18.53 | NOTE | |
r-devel-linux-x86_64-fedora-clang | 1.1.1 | 36.79 | NOTE | |||
r-devel-linux-x86_64-fedora-gcc | 1.1.1 | 34.99 | NOTE | |||
r-devel-windows-x86_64 | 1.1.1 | 7.00 | 44.00 | 51.00 | NOTE | |
r-patched-linux-x86_64 | 1.1.1 | 2.79 | 18.95 | 21.74 | NOTE | |
r-release-linux-x86_64 | 1.1.1 | 3.04 | 18.66 | 21.70 | NOTE | |
r-release-macos-arm64 | 1.1.1 | 17.00 | NOTE | |||
r-release-macos-x86_64 | 1.1.1 | 25.00 | NOTE | |||
r-release-windows-x86_64 | 1.1.1 | 7.00 | 45.00 | 52.00 | NOTE | |
r-oldrel-macos-arm64 | 1.1.1 | 18.00 | OK | |||
r-oldrel-macos-x86_64 | 1.1.1 | 34.00 | OK | |||
r-oldrel-windows-x86_64 | 1.1.1 | 8.00 | 49.00 | 57.00 | OK |
Version: 1.1.1
Check: Rd files
Result: NOTE
checkRd: (-1) Sim.Markov.Chain.Rd:14: Lost braces; missing escapes or markup?
14 | \item{eta0}{inital value in {1,...,r}.}
| ^
Flavors: r-devel-linux-x86_64-debian-clang, r-devel-linux-x86_64-debian-gcc, r-devel-linux-x86_64-fedora-clang, r-devel-linux-x86_64-fedora-gcc, r-devel-windows-x86_64, r-patched-linux-x86_64, r-release-linux-x86_64, r-release-macos-arm64, r-release-macos-x86_64, r-release-windows-x86_64